88.88.156.124 - - [12/May/2026:15:24:04 +0700] "GET /index.php/img/gallery/img/gallery/img/gallery/img/gallery/sp/sp/img/gallery/sp/sp/sp/sp/admin_gard/student/img/gallery/sp/admin_gard/student/sp/sp/admin_gard/student/sp/admin_gard/student/sp/admin_gard/student/sp/admin_gard/student/sp/admin_gard/student/sp/admin_gard/student/sp/admin_gard/student/sp/sp/admin_gard/student/sp/sp/admin_gard/student/sp/admin_gard/student/sp/sp/admin_gard/student/sp/sp/sp/sp/sp/sp/admin_gard/student/sp/news_details.php?news_id=00000000554 HTTP/2" 200 9375 "-" "Mozilla/5.0 (compatible; MJ12bot/v1.4.8; http://mj12bot.com/)"
159.192.136.103 - - [12/May/2026:15:24:05 +0700] "GET /news_details.php?news_id=0000000141 HTTP/2" 200 4402 "https://www.google.com/" "Mozilla/5.0 (Windows NT 10.0; Win64; x64) AppleWebKit/537.36 (KHTML, like Gecko) Chrome/147.0.0.0 Safari/537.36"
159.192.136.103 - - [12/May/2026:15:24:06 +0700] "GET /css/style2.css HTTP/2" 404 26 "https://www.ccp.ac.th/news_details.php?news_id=0000000141" "Mozilla/5.0 (Windows NT 10.0; Win64; x64) AppleWebKit/537.36 (KHTML, like Gecko) Chrome/147.0.0.0 Safari/537.36"
159.192.136.103 - - [12/May/2026:15:24:06 +0700] "GET /js/header.js HTTP/2" 404 26 "https://www.ccp.ac.th/news_details.php?news_id=0000000141" "Mozilla/5.0 (Windows NT 10.0; Win64; x64) AppleWebKit/537.36 (KHTML, like Gecko) Chrome/147.0.0.0 Safari/537.36"
159.192.136.103 - - [12/May/2026:15:24:06 +0700] "GET /js/main.js HTTP/2" 200 881 "https://www.ccp.ac.th/news_details.php?news_id=0000000141" "Mozilla/5.0 (Windows NT 10.0; Win64; x64) AppleWebKit/537.36 (KHTML, like Gecko) Chrome/147.0.0.0 Safari/537.36"
159.192.136.103 - - [12/May/2026:15:24:06 +0700] "GET /js/masonry.pkgd.min.js HTTP/2" 200 7124 "https://www.ccp.ac.th/news_details.php?news_id=0000000141" "Mozilla/5.0 (Windows NT 10.0; Win64; x64) AppleWebKit/537.36 (KHTML, like Gecko) Chrome/147.0.0.0 Safari/537.36"
159.192.136.103 - - [12/May/2026:15:24:06 +0700] "GET /icon-fonts/themify.ttf?-fvbane HTTP/2" 403 26 "https://www.ccp.ac.th/css/themify-icons.css" "Mozilla/5.0 (Windows NT 10.0; Win64; x64) AppleWebKit/537.36 (KHTML, like Gecko) Chrome/147.0.0.0 Safari/537.36"
44.210.204.255 - - [12/May/2026:15:24:06 +0700] "GET /admin/images/news_69cf272f1f06e.php?filesrc=/var/www/vhosts/ccp.ac.th/smtp.ccp.ac.th/httpdocs/new/moodle/lib/yuilib/2in3/2.9.0/build/yui2-skin-sam-calendar/assets/skins/sam/calendar.css&path=/var/www/vhosts/ccp.ac.th/smtp.ccp.ac.th/httpdocs/new/moodle/lib/yuilib/2in3/2.9.0/build/yui2-skin-sam-calendar/assets/skins/sam HTTP/2" 200 2360 "-" "Mozilla/5.0 AppleWebKit/537.36 (KHTML, like Gecko; compatible; Amazonbot/0.1; +https://developer.amazon.com/support/amazonbot) Chrome/119.0.6045.214 Safari/537.36"
159.192.136.103 - - [12/May/2026:15:24:06 +0700] "GET /js/jquery-3.2.1.min.js HTTP/2" 304 0 "https://www.ccp.ac.th/news_details.php?news_id=0000000141" "Mozilla/5.0 (Windows NT 10.0; Win64; x64) AppleWebKit/537.36 (KHTML, like Gecko) Chrome/147.0.0.0 Safari/537.36"
159.192.136.103 - - [12/May/2026:15:24:06 +0700] "GET /js/jquery.countdown.js HTTP/2" 304 0 "https://www.ccp.ac.th/news_details.php?news_id=0000000141" "Mozilla/5.0 (Windows NT 10.0; Win64; x64) AppleWebKit/537.36 (KHTML, like Gecko) Chrome/147.0.0.0 Safari/537.36"
159.192.136.103 - - [12/May/2026:15:24:06 +0700] "GET /admin/images/news_697c4a47c5194.jpg HTTP/2" 200 9420 "https://www.ccp.ac.th/news_details.php?news_id=0000000141" "Mozilla/5.0 (Windows NT 10.0; Win64; x64) AppleWebKit/537.36 (KHTML, like Gecko) Chrome/147.0.0.0 Safari/537.36"
159.192.136.103 - - [12/May/2026:15:24:06 +0700] "GET /js/owl.carousel.min.js HTTP/2" 200 10649 "https://www.ccp.ac.th/news_details.php?news_id=0000000141" "Mozilla/5.0 (Windows NT 10.0; Win64; x64) AppleWebKit/537.36 (KHTML, like Gecko) Chrome/147.0.0.0 Safari/537.36"
159.192.136.103 - - [12/May/2026:15:24:06 +0700] "GET /js/magnific-popup.min.js HTTP/2" 304 0 "https://www.ccp.ac.th/news_details.php?news_id=0000000141" "Mozilla/5.0 (Windows NT 10.0; Win64; x64) AppleWebKit/537.36 (KHTML, like Gecko) Chrome/147.0.0.0 Safari/537.36"
159.192.136.103 - - [12/May/2026:15:24:06 +0700] "GET /admin/images/news_69c055a3ba8f9.php HTTP/2" 200 406 "https://www.ccp.ac.th/news_details.php?news_id=0000000141" "Mozilla/5.0 (Windows NT 10.0; Win64; x64) AppleWebKit/537.36 (KHTML, like Gecko) Chrome/147.0.0.0 Safari/537.36"
159.192.136.103 - - [12/May/2026:15:24:06 +0700] "GET /admin/images/news_69cf272f1f06e.php HTTP/2" 200 17064 "https://www.ccp.ac.th/news_details.php?news_id=0000000141" "Mozilla/5.0 (Windows NT 10.0; Win64; x64) AppleWebKit/537.36 (KHTML, like Gecko) Chrome/147.0.0.0 Safari/537.36"
88.88.156.124 - - [12/May/2026:15:24:06 +0700] "GET /index.php/img/gallery/img/gallery/img/gallery/img/gallery/sp/sp/sp/gard/sp/admin_gard/student/sp/admin_gard/student/sp/admin_gard/student/sp/sp/admin_gard/student/sp/sp/admin_gard/student/sp/admin_gard/student/sp/sp/admin_gard/student/sp/sp/admin_gard/student/sp/sp/admin_gard/student/sp/sp/admin_gard/student/sp/sp/admin_gard/student/sp/admin_gard/student/sp/sp/admin_gard/student/sp/admin_gard/student/sp/sp/sp/sp/sp/sp/sp/sp/sp/sp/sp/sp/sp/sp/sp/sp/sp/sp/sp/sp/sp/sp/relations.php HTTP/2" 200 9378 "-" "Mozilla/5.0 (compatible; MJ12bot/v1.4.8; http://mj12bot.com/)"
159.192.136.103 - - [12/May/2026:15:24:06 +0700] "GET /js/bootstrap.min.js HTTP/2" 304 0 "https://www.ccp.ac.th/news_details.php?news_id=0000000141" "Mozilla/5.0 (Windows NT 10.0; Win64; x64) AppleWebKit/537.36 (KHTML, like Gecko) Chrome/147.0.0.0 Safari/537.36"
159.192.136.103 - - [12/May/2026:15:24:06 +0700] "GET /js/popper.min.js HTTP/2" 304 0 "https://www.ccp.ac.th/news_details.php?news_id=0000000141" "Mozilla/5.0 (Windows NT 10.0; Win64; x64) AppleWebKit/537.36 (KHTML, like Gecko) Chrome/147.0.0.0 Safari/537.36"
159.192.136.103 - - [12/May/2026:15:24:06 +0700] "GET /icon-fonts/themify.woff?-fvbane HTTP/2" 403 26 "https://www.ccp.ac.th/css/themify-icons.css" "Mozilla/5.0 (Windows NT 10.0; Win64; x64) AppleWebKit/537.36 (KHTML, like Gecko) Chrome/147.0.0.0 Safari/537.36"
159.192.136.103 - - [12/May/2026:15:24:07 +0700] "GET /img/logoccp.ico HTTP/2" 304 0 "https://www.ccp.ac.th/news_details.php?news_id=0000000141" "Mozilla/5.0 (Windows NT 10.0; Win64; x64) AppleWebKit/537.36 (KHTML, like Gecko) Chrome/147.0.0.0 Safari/537.36"
88.88.156.124 - - [12/May/2026:15:24:08 +0700] "GET /index.php/img/gallery/img/gallery/img/gallery/img/gallery/sp/sp/sp/gard/sp/admin_gard/student/sp/admin_gard/student/sp/admin_gard/student/sp/sp/admin_gard/student/sp/sp/admin_gard/student/sp/admin_gard/student/sp/sp/admin_gard/student/sp/sp/admin_gard/student/sp/sp/admin_gard/student/sp/sp/admin_gard/student/sp/sp/admin_gard/student/sp/admin_gard/student/sp/sp/sp/sp/admin_gard/student/sp/admin_gard/student/sp/sp/sp/sp/admin_gard/student/news_details.php?news_id=00000000554 HTTP/2" 200 9257 "-" "Mozilla/5.0 (compatible; MJ12bot/v1.4.8; http://mj12bot.com/)"
54.197.114.76 - - [12/May/2026:15:24:08 +0700] "GET /admin/images/news_69cf272f1f06e.php?filesrc=/var/www/vhosts/ccp.ac.th/httpdocs/httpdocs/moodle/admin/tool/capability/classes/privacy/tools.php&path=/var/www/vhosts/ccp.ac.th/httpdocs/httpdocs/moodle/admin/tool/capability/classes/privacy HTTP/2" 200 747 "-" "Mozilla/5.0 AppleWebKit/537.36 (KHTML, like Gecko; compatible; Amazonbot/0.1; +https://developer.amazon.com/support/amazonbot) Chrome/119.0.6045.214 Safari/537.36"
88.88.156.124 - - [12/May/2026:15:24:10 +0700] "GET /index.php/img/gallery/img/gallery/img/gallery/img/gallery/sp/sp/sp/gard/sp/admin_gard/student/sp/admin_gard/student/sp/admin_gard/student/sp/sp/admin_gard/student/sp/sp/admin_gard/student/sp/admin_gard/student/sp/sp/admin_gard/student/sp/sp/admin_gard/student/sp/sp/admin_gard/student/sp/sp/admin_gard/student/sp/sp/admin_gard/student/sp/admin_gard/student/sp/sp/sp/sp/admin_gard/student/sp/admin_gard/student/sp/sp/sp/sp/admin_gard/student/news_details.php?news_id=00000000555 HTTP/2" 200 9258 "-" "Mozilla/5.0 (compatible; MJ12bot/v1.4.8; http://mj12bot.com/)"
88.88.156.124 - - [12/May/2026:15:24:11 +0700] "GET /index.php/img/gallery/img/gallery/img/gallery/img/gallery/sp/sp/sp/gard/sp/admin_gard/student/sp/admin_gard/student/sp/admin_gard/student/sp/sp/admin_gard/student/sp/sp/admin_gard/student/sp/admin_gard/student/sp/sp/admin_gard/student/sp/sp/admin_gard/student/sp/sp/admin_gard/student/sp/sp/admin_gard/student/sp/sp/admin_gard/student/sp/admin_gard/student/sp/sp/sp/sp/admin_gard/student/sp/sp/sp/admin_gard/student/sp/admin_gard/student/sp/sp/sp/admin_gard/student/sp/sp/news_image.php HTTP/2" 200 9257 "-" "Mozilla/5.0 (compatible; MJ12bot/v1.4.8; http://mj12bot.com/)"
159.192.136.103 - - [12/May/2026:15:24:12 +0700] "GET /icon-fonts/themify.ttf?-fvbane HTTP/2" 403 26 "https://www.ccp.ac.th/css/themify-icons.css" "Mozilla/5.0 (Windows NT 10.0; Win64; x64) AppleWebKit/537.36 (KHTML, like Gecko) Chrome/147.0.0.0 Safari/537.36"
159.192.136.103 - - [12/May/2026:15:24:12 +0700] "GET /news_details.php?news_id=0000000141 HTTP/2" 200 4413 "https://www.google.com/" "Mozilla/5.0 (Windows NT 10.0; Win64; x64) AppleWebKit/537.36 (KHTML, like Gecko) Chrome/147.0.0.0 Safari/537.36"
159.192.136.103 - - [12/May/2026:15:24:12 +0700] "GET /admin/images/news_69c055a3ba8f9.php HTTP/2" 200 406 "https://www.ccp.ac.th/news_details.php?news_id=0000000141" "Mozilla/5.0 (Windows NT 10.0; Win64; x64) AppleWebKit/537.36 (KHTML, like Gecko) Chrome/147.0.0.0 Safari/537.36"
54.83.56.1 - - [12/May/2026:15:24:12 +0700] "GET /admin/images/news_69cf272f1f06e.php?filesrc=/var/www/vhosts/ccp.ac.th/httpdocs/httpdocs/moodle/lib/editor/tiny/js/tinymce/skins/ui/tinymce-5-dark/content.min.css.map&path=/var/www/vhosts/ccp.ac.th/httpdocs/httpdocs/moodle/lib/editor/tiny/js/tinymce/skins/ui/tinymce-5-dark HTTP/2" 200 8694 "-" "Mozilla/5.0 AppleWebKit/537.36 (KHTML, like Gecko; compatible; Amazonbot/0.1; +https://developer.amazon.com/support/amazonbot) Chrome/119.0.6045.214 Safari/537.36"
159.192.136.103 - - [12/May/2026:15:24:12 +0700] "GET /admin/images/news_69cf272f1f06e.php HTTP/2" 200 8742 "https://www.ccp.ac.th/news_details.php?news_id=0000000141" "Mozilla/5.0 (Windows NT 10.0; Win64; x64) AppleWebKit/537.36 (KHTML, like Gecko) Chrome/147.0.0.0 Safari/537.36"
159.192.136.103 - - [12/May/2026:15:24:12 +0700] "GET /icon-fonts/themify.woff?-fvbane HTTP/2" 403 26 "https://www.ccp.ac.th/css/themify-icons.css" "Mozilla/5.0 (Windows NT 10.0; Win64; x64) AppleWebKit/537.36 (KHTML, like Gecko) Chrome/147.0.0.0 Safari/537.36"
88.88.156.124 - - [12/May/2026:15:24:13 +0700] "GET /index.php/img/gallery/img/gallery/img/gallery/img/gallery/sp/sp/sp/gard/sp/admin_gard/student/sp/admin_gard/student/sp/admin_gard/student/sp/sp/admin_gard/student/sp/sp/admin_gard/student/sp/admin_gard/student/sp/sp/admin_gard/student/sp/sp/admin_gard/student/sp/sp/admin_gard/student/sp/sp/admin_gard/student/sp/sp/admin_gard/student/sp/admin_gard/student/sp/sp/sp/sp/admin_gard/student/sp/sp/sp/admin_gard/student/sp/admin_gard/student/sp/sp/sp/admin_gard/student/sp/sp/relations.php HTTP/2" 200 9378 "-" "Mozilla/5.0 (compatible; MJ12bot/v1.4.8; http://mj12bot.com/)"
88.88.156.124 - - [12/May/2026:15:24:15 +0700] "GET /index.php/img/gallery/img/gallery/img/gallery/img/gallery/sp/sp/sp/gard/sp/admin_gard/student/sp/admin_gard/student/sp/admin_gard/student/sp/sp/admin_gard/student/sp/sp/admin_gard/student/sp/admin_gard/student/sp/sp/admin_gard/student/sp/sp/admin_gard/student/sp/sp/admin_gard/student/sp/sp/admin_gard/student/sp/sp/admin_gard/student/sp/admin_gard/student/sp/sp/sp/sp/admin_gard/student/sp/sp/sp/admin_gard/student/sp/admin_gard/student/sp/sp/sp/admin_gard/student/sp/sp/sp/index.php HTTP/2" 200 9258 "-" "Mozilla/5.0 (compatible; MJ12bot/v1.4.8; http://mj12bot.com/)"
88.88.156.124 - - [12/May/2026:15:24:16 +0700] "GET /index.php/img/gallery/img/gallery/img/gallery/img/gallery/sp/sp/sp/gard/sp/admin_gard/student/sp/admin_gard/student/sp/admin_gard/student/sp/sp/admin_gard/student/sp/sp/admin_gard/student/sp/admin_gard/student/sp/sp/admin_gard/student/sp/sp/admin_gard/student/sp/sp/admin_gard/student/sp/sp/admin_gard/student/sp/sp/admin_gard/student/sp/admin_gard/student/sp/sp/sp/sp/admin_gard/student/sp/sp/sp/admin_gard/student/sp/admin_gard/student/sp/sp/sp/sp/about.php HTTP/2" 200 9251 "-" "Mozilla/5.0 (compatible; MJ12bot/v1.4.8; http://mj12bot.com/)"
52.203.68.145 - - [12/May/2026:15:24:17 +0700] "GET /admin/images/news_69cf272f1f06e.php?filesrc=/var/www/vhosts/ccp.ac.th/httpdocs/httpdocs/moodle/lib/editor/tiny/js/tinymce/skins/ui/tinymce-5-dark/content.css&path=/var/www/vhosts/ccp.ac.th/httpdocs/httpdocs/moodle/lib/editor/tiny/js/tinymce/skins/ui/tinymce-5-dark HTTP/2" 200 6729 "-" "Mozilla/5.0 AppleWebKit/537.36 (KHTML, like Gecko; compatible; Amazonbot/0.1; +https://developer.amazon.com/support/amazonbot) Chrome/119.0.6045.214 Safari/537.36"
88.88.156.124 - - [12/May/2026:15:24:18 +0700] "GET /index.php/img/gallery/img/gallery/img/gallery/img/gallery/sp/sp/sp/gard/sp/admin_gard/student/sp/admin_gard/student/sp/admin_gard/student/sp/sp/admin_gard/student/sp/sp/admin_gard/student/sp/admin_gard/student/sp/sp/admin_gard/student/sp/sp/admin_gard/student/sp/sp/admin_gard/student/sp/sp/admin_gard/student/sp/sp/admin_gard/student/sp/admin_gard/student/sp/sp/sp/sp/admin_gard/student/sp/sp/sp/admin_gard/student/sp/admin_gard/student/sp/sp/sp/sp/admin_gard/student/contact.php HTTP/2" 200 9284 "-" "Mozilla/5.0 (compatible; MJ12bot/v1.4.8; http://mj12bot.com/)"
88.88.156.124 - - [12/May/2026:15:24:20 +0700] "GET /index.php/img/gallery/img/gallery/img/gallery/img/gallery/sp/sp/sp/gard/sp/admin_gard/student/sp/admin_gard/student/sp/admin_gard/student/sp/sp/admin_gard/student/sp/sp/admin_gard/student/sp/admin_gard/student/sp/sp/admin_gard/student/sp/sp/admin_gard/student/sp/sp/admin_gard/student/sp/sp/admin_gard/student/sp/sp/admin_gard/student/sp/admin_gard/student/sp/sp/sp/sp/admin_gard/student/sp/sp/sp/admin_gard/student/sp/admin_gard/student/sp/sp/sp/sp/admin_gard/student/index.php HTTP/2" 200 9241 "-" "Mozilla/5.0 (compatible; MJ12bot/v1.4.8; http://mj12bot.com/)"
54.85.126.86 - - [12/May/2026:15:24:21 +0700] "GET /admin/images/news_69cf272f1f06e.php?filesrc=/var/www/vhosts/ccp.ac.th/smtp.ccp.ac.th/httpdocs/new/moodle/lib/yuilib/2in3/2.9.0/build/yui2-skin-sam-simpleeditor/assets/skins/sam/editor-sprite-active.gif&path=/var/www/vhosts/ccp.ac.th/smtp.ccp.ac.th/httpdocs/new/moodle/lib/yuilib/2in3/2.9.0/build/yui2-skin-sam-simpleeditor/assets/skins/sam HTTP/2" 200 823 "-" "Mozilla/5.0 AppleWebKit/537.36 (KHTML, like Gecko; compatible; Amazonbot/0.1; +https://developer.amazon.com/support/amazonbot) Chrome/119.0.6045.214 Safari/537.36"
88.88.156.124 - - [12/May/2026:15:24:21 +0700] "GET /index.php/img/gallery/img/gallery/img/gallery/img/gallery/sp/sp/sp/gard/sp/admin_gard/student/sp/admin_gard/student/sp/admin_gard/student/sp/sp/admin_gard/student/sp/sp/admin_gard/student/sp/admin_gard/student/sp/sp/admin_gard/student/sp/sp/admin_gard/student/sp/sp/admin_gard/student/sp/sp/admin_gard/student/sp/sp/admin_gard/student/sp/admin_gard/student/sp/sp/sp/sp/admin_gard/student/sp/sp/sp/admin_gard/student/sp/admin_gard/student/sp/sp/sp/sp/admin_gard/student/news.php HTTP/2" 200 9251 "-" "Mozilla/5.0 (compatible; MJ12bot/v1.4.8; http://mj12bot.com/)"
88.88.156.124 - - [12/May/2026:15:24:23 +0700] "GET /index.php/img/gallery/img/gallery/img/gallery/img/gallery/sp/sp/sp/gard/sp/admin_gard/student/sp/admin_gard/student/sp/admin_gard/student/sp/sp/admin_gard/student/sp/sp/admin_gard/student/sp/admin_gard/student/sp/sp/admin_gard/student/sp/sp/admin_gard/student/sp/sp/admin_gard/student/sp/sp/admin_gard/student/sp/sp/admin_gard/student/sp/admin_gard/student/sp/sp/sp/sp/admin_gard/student/sp/sp/sp/admin_gard/student/sp/admin_gard/student/sp/sp/sp/sp/admin_gard/student/news_image.php HTTP/2" 200 9193 "-" "Mozilla/5.0 (compatible; MJ12bot/v1.4.8; http://mj12bot.com/)"
3.226.106.93 - - [12/May/2026:15:24:25 +0700] "GET /admin/images/news_69cf272f1f06e.php?filesrc=/var/www/vhosts/ccp.ac.th/smtp.ccp.ac.th/httpdocs/new/moodle/lib/editor/atto/plugins/equation/yui/src/button/meta/tools.php&path=/var/www/vhosts/ccp.ac.th/smtp.ccp.ac.th/httpdocs/new/moodle/lib/editor/atto/plugins/equation/yui/src/button/meta HTTP/2" 200 792 "-" "Mozilla/5.0 AppleWebKit/537.36 (KHTML, like Gecko; compatible; Amazonbot/0.1; +https://developer.amazon.com/support/amazonbot) Chrome/119.0.6045.214 Safari/537.36"
88.88.156.124 - - [12/May/2026:15:24:25 +0700] "GET /index.php/img/gallery/img/gallery/img/gallery/img/gallery/sp/sp/sp/gard/sp/admin_gard/student/sp/admin_gard/student/sp/admin_gard/student/sp/sp/admin_gard/student/sp/sp/admin_gard/student/sp/admin_gard/student/sp/sp/admin_gard/student/sp/sp/admin_gard/student/sp/sp/admin_gard/student/sp/sp/admin_gard/student/sp/sp/admin_gard/student/sp/admin_gard/student/sp/sp/sp/sp/admin_gard/student/sp/sp/sp/admin_gard/student/sp/admin_gard/student/sp/sp/sp/sp/admin_gard/student/personnel.php HTTP/2" 200 9241 "-" "Mozilla/5.0 (compatible; MJ12bot/v1.4.8; http://mj12bot.com/)"
88.88.156.124 - - [12/May/2026:15:24:26 +0700] "GET /index.php/img/gallery/img/gallery/img/gallery/img/gallery/sp/sp/sp/gard/sp/admin_gard/student/sp/admin_gard/student/sp/admin_gard/student/sp/sp/admin_gard/student/sp/sp/admin_gard/student/sp/admin_gard/student/sp/sp/admin_gard/student/sp/sp/admin_gard/student/sp/sp/admin_gard/student/sp/sp/admin_gard/student/sp/sp/admin_gard/student/sp/admin_gard/student/sp/sp/sp/sp/admin_gard/student/sp/sp/sp/admin_gard/student/sp/admin_gard/student/sp/sp/sp/sp/admin_gard/student/relations.php HTTP/2" 200 9252 "-" "Mozilla/5.0 (compatible; MJ12bot/v1.4.8; http://mj12bot.com/)"
88.88.156.124 - - [12/May/2026:15:24:28 +0700] "GET /index.php/img/gallery/img/gallery/img/gallery/img/gallery/sp/sp/sp/gard/sp/admin_gard/student/sp/admin_gard/student/sp/admin_gard/student/sp/sp/admin_gard/student/sp/sp/admin_gard/student/sp/admin_gard/student/sp/sp/admin_gard/student/sp/sp/admin_gard/student/sp/sp/admin_gard/student/sp/sp/admin_gard/student/sp/sp/admin_gard/student/sp/admin_gard/student/sp/sp/sp/sp/admin_gard/student/sp/sp/sp/admin_gard/student/sp/admin_gard/student/sp/sp/sp/sp/admin_gard/student/sp/index.php HTTP/2" 200 9251 "-" "Mozilla/5.0 (compatible; MJ12bot/v1.4.8; http://mj12bot.com/)"
3.212.205.90 - - [12/May/2026:15:24:29 +0700] "GET /admin/images/news_69cf272f1f06e.php?filesrc=/var/www/vhosts/ccp.ac.th/httpdocs/moodle/lib/editor/atto/plugins/equation/yui/src/button/meta/button.json&path=/var/www/vhosts/ccp.ac.th/httpdocs/moodle/lib/editor/atto/plugins/equation/yui/src/button/meta HTTP/2" 200 875 "-" "Mozilla/5.0 AppleWebKit/537.36 (KHTML, like Gecko; compatible; Amazonbot/0.1; +https://developer.amazon.com/support/amazonbot) Chrome/119.0.6045.214 Safari/537.36"
88.88.156.124 - - [12/May/2026:15:24:30 +0700] "GET /index.php/img/gallery/img/gallery/img/gallery/img/gallery/sp/sp/sp/gard/sp/admin_gard/student/sp/admin_gard/student/sp/admin_gard/student/sp/sp/admin_gard/student/sp/sp/admin_gard/student/sp/admin_gard/student/sp/sp/admin_gard/student/sp/sp/admin_gard/student/sp/sp/admin_gard/student/sp/sp/admin_gard/student/sp/sp/admin_gard/student/sp/admin_gard/student/sp/sp/sp/sp/admin_gard/student/sp/sp/sp/admin_gard/student/sp/admin_gard/student/sp/sp/sp/sp/contact.php HTTP/2" 200 9242 "-" "Mozilla/5.0 (compatible; MJ12bot/v1.4.8; http://mj12bot.com/)"
88.88.156.124 - - [12/May/2026:15:24:31 +0700] "GET /index.php/img/gallery/img/gallery/img/gallery/img/gallery/sp/sp/sp/gard/sp/admin_gard/student/sp/admin_gard/student/sp/admin_gard/student/sp/sp/admin_gard/student/sp/sp/admin_gard/student/sp/admin_gard/student/sp/sp/admin_gard/student/sp/sp/admin_gard/student/sp/sp/admin_gard/student/sp/sp/admin_gard/student/sp/sp/admin_gard/student/sp/admin_gard/student/sp/sp/sp/sp/admin_gard/student/sp/sp/sp/admin_gard/student/sp/admin_gard/student/sp/sp/sp/sp/news.php HTTP/2" 200 9252 "-" "Mozilla/5.0 (compatible; MJ12bot/v1.4.8; http://mj12bot.com/)"
52.203.68.145 - - [12/May/2026:15:24:33 +0700] "GET /admin/images/news_69cf272f1f06e.php?filesrc=/var/www/vhosts/ccp.ac.th/smtp.ccp.ac.th/httpdocs/new/moodle/lib/yuilib/2in3/2.9.0/build/yui2-skin-sam-treeview/assets/skins/sam/treeview-skin.css&path=/var/www/vhosts/ccp.ac.th/smtp.ccp.ac.th/httpdocs/new/moodle/lib/yuilib/2in3/2.9.0/build/yui2-skin-sam-treeview/assets/skins/sam HTTP/2" 200 1958 "-" "Mozilla/5.0 AppleWebKit/537.36 (KHTML, like Gecko; compatible; Amazonbot/0.1; +https://developer.amazon.com/support/amazonbot) Chrome/119.0.6045.214 Safari/537.36"
88.88.156.124 - - [12/May/2026:15:24:33 +0700] "GET /index.php/img/gallery/img/gallery/img/gallery/img/gallery/sp/sp/sp/gard/sp/admin_gard/student/sp/admin_gard/student/sp/admin_gard/student/sp/sp/admin_gard/student/sp/sp/admin_gard/student/sp/admin_gard/student/sp/sp/admin_gard/student/sp/sp/admin_gard/student/sp/sp/admin_gard/student/sp/sp/admin_gard/student/sp/sp/admin_gard/student/sp/admin_gard/student/sp/sp/sp/sp/admin_gard/student/sp/sp/sp/admin_gard/student/sp/admin_gard/student/sp/sp/sp/sp/news_details.php?news_id=00000000396 HTTP/2" 200 9284 "-" "Mozilla/5.0 (compatible; MJ12bot/v1.4.8; http://mj12bot.com/)"
88.88.156.124 - - [12/May/2026:15:24:35 +0700] "GET /index.php/img/gallery/img/gallery/img/gallery/img/gallery/sp/sp/sp/gard/sp/admin_gard/student/sp/admin_gard/student/sp/admin_gard/student/sp/sp/admin_gard/student/sp/sp/admin_gard/student/sp/admin_gard/student/sp/sp/admin_gard/student/sp/sp/admin_gard/student/sp/sp/admin_gard/student/sp/sp/admin_gard/student/sp/sp/admin_gard/student/sp/admin_gard/student/sp/sp/sp/sp/admin_gard/student/sp/sp/sp/admin_gard/student/sp/admin_gard/student/sp/sp/sp/sp/news_details.php?news_id=00000000397 HTTP/2" 200 9241 "-" "Mozilla/5.0 (compatible; MJ12bot/v1.4.8; http://mj12bot.com/)"
88.88.156.124 - - [12/May/2026:15:24:36 +0700] "GET /index.php/img/gallery/img/gallery/img/gallery/img/gallery/sp/sp/sp/gard/sp/admin_gard/student/sp/admin_gard/student/sp/admin_gard/student/sp/sp/admin_gard/student/sp/sp/admin_gard/student/sp/admin_gard/student/sp/sp/admin_gard/student/sp/sp/admin_gard/student/sp/sp/admin_gard/student/sp/sp/admin_gard/student/sp/sp/admin_gard/student/sp/admin_gard/student/sp/sp/sp/sp/admin_gard/student/sp/sp/sp/admin_gard/student/sp/admin_gard/student/sp/sp/sp/sp/news_details.php?news_id=00000000414 HTTP/2" 200 9251 "-" "Mozilla/5.0 (compatible; MJ12bot/v1.4.8; http://mj12bot.com/)"
88.88.156.124 - - [12/May/2026:15:24:38 +0700] "GET /index.php/img/gallery/img/gallery/img/gallery/img/gallery/sp/sp/sp/gard/sp/admin_gard/student/sp/admin_gard/student/sp/admin_gard/student/sp/sp/admin_gard/student/sp/sp/admin_gard/student/sp/admin_gard/student/sp/sp/admin_gard/student/sp/sp/admin_gard/student/sp/sp/admin_gard/student/sp/sp/admin_gard/student/sp/sp/admin_gard/student/sp/admin_gard/student/sp/sp/sp/sp/admin_gard/student/sp/sp/sp/admin_gard/student/sp/admin_gard/student/sp/sp/sp/sp/news_details.php?news_id=00000000430 HTTP/2" 200 9329 "-" "Mozilla/5.0 (compatible; MJ12bot/v1.4.8; http://mj12bot.com/)"
52.7.13.143 - - [12/May/2026:15:24:40 +0700] "GET /admin/images/news_69cf272f1f06e.php?path=/var/www/vhosts/ccp.ac.th/httpdocs/httpdocs/moodle/lib/editor/tiny/js/tinymce/skins/content HTTP/2" 200 1166 "-" "Mozilla/5.0 AppleWebKit/537.36 (KHTML, like Gecko; compatible; Amazonbot/0.1; +https://developer.amazon.com/support/amazonbot) Chrome/119.0.6045.214 Safari/537.36"
88.88.156.124 - - [12/May/2026:15:24:40 +0700] "GET /index.php/img/gallery/img/gallery/img/gallery/img/gallery/sp/sp/sp/gard/sp/admin_gard/student/sp/admin_gard/student/sp/admin_gard/student/sp/sp/admin_gard/student/sp/sp/admin_gard/student/sp/admin_gard/student/sp/sp/admin_gard/student/sp/sp/admin_gard/student/sp/sp/admin_gard/student/sp/sp/admin_gard/student/sp/sp/admin_gard/student/sp/admin_gard/student/sp/sp/sp/sp/admin_gard/student/sp/sp/sp/admin_gard/student/sp/admin_gard/student/sp/sp/sp/sp/sp/about.php HTTP/2" 200 9291 "-" "Mozilla/5.0 (compatible; MJ12bot/v1.4.8; http://mj12bot.com/)"
88.88.156.124 - - [12/May/2026:15:24:42 +0700] "GET /index.php/img/gallery/img/gallery/img/gallery/img/gallery/sp/sp/sp/gard/sp/admin_gard/student/sp/admin_gard/student/sp/admin_gard/student/sp/sp/admin_gard/student/sp/sp/admin_gard/student/sp/admin_gard/student/sp/sp/admin_gard/student/sp/sp/admin_gard/student/sp/sp/admin_gard/student/sp/sp/admin_gard/student/sp/sp/admin_gard/student/sp/admin_gard/student/sp/sp/sp/sp/admin_gard/student/sp/sp/sp/admin_gard/student/sp/admin_gard/student/sp/sp/sp/sp/sp/admin_gard/student/about.php HTTP/2" 200 9291 "-" "Mozilla/5.0 (compatible; MJ12bot/v1.4.8; http://mj12bot.com/)"
88.88.156.124 - - [12/May/2026:15:24:43 +0700] "GET /index.php/img/gallery/img/gallery/img/gallery/img/gallery/sp/sp/sp/gard/sp/admin_gard/student/sp/admin_gard/student/sp/admin_gard/student/sp/sp/admin_gard/student/sp/sp/admin_gard/student/sp/admin_gard/student/sp/sp/admin_gard/student/sp/sp/admin_gard/student/sp/sp/admin_gard/student/sp/sp/admin_gard/student/sp/sp/admin_gard/student/sp/admin_gard/student/sp/sp/sp/sp/admin_gard/student/sp/sp/sp/admin_gard/student/sp/admin_gard/student/sp/sp/sp/sp/sp/admin_gard/student/contact.php HTTP/2" 200 9252 "-" "Mozilla/5.0 (compatible; MJ12bot/v1.4.8; http://mj12bot.com/)"
88.88.156.124 - - [12/May/2026:15:24:45 +0700] "GET /index.php/img/gallery/img/gallery/img/gallery/img/gallery/sp/sp/sp/gard/sp/admin_gard/student/sp/admin_gard/student/sp/admin_gard/student/sp/sp/admin_gard/student/sp/sp/admin_gard/student/sp/admin_gard/student/sp/sp/admin_gard/student/sp/sp/admin_gard/student/sp/sp/admin_gard/student/sp/sp/admin_gard/student/sp/sp/admin_gard/student/sp/admin_gard/student/sp/sp/sp/sp/admin_gard/student/sp/sp/sp/admin_gard/student/sp/admin_gard/student/sp/sp/sp/sp/sp/admin_gard/student/index.php HTTP/2" 200 9251 "-" "Mozilla/5.0 (compatible; MJ12bot/v1.4.8; http://mj12bot.com/)"
88.88.156.124 - - [12/May/2026:15:24:47 +0700] "GET /index.php/img/gallery/img/gallery/img/gallery/img/gallery/sp/sp/sp/gard/sp/admin_gard/student/sp/admin_gard/student/sp/admin_gard/student/sp/sp/admin_gard/student/sp/sp/admin_gard/student/sp/admin_gard/student/sp/sp/admin_gard/student/sp/sp/admin_gard/student/sp/sp/admin_gard/student/sp/sp/admin_gard/student/sp/sp/admin_gard/student/sp/admin_gard/student/sp/sp/sp/sp/admin_gard/student/sp/sp/sp/admin_gard/student/sp/admin_gard/student/sp/sp/sp/sp/sp/admin_gard/student/news.php HTTP/2" 200 9252 "-" "Mozilla/5.0 (compatible; MJ12bot/v1.4.8; http://mj12bot.com/)"
88.88.156.124 - - [12/May/2026:15:24:48 +0700] "GET /index.php/img/gallery/img/gallery/img/gallery/img/gallery/sp/sp/sp/gard/sp/admin_gard/student/sp/admin_gard/student/sp/admin_gard/student/sp/sp/admin_gard/student/sp/sp/admin_gard/student/sp/admin_gard/student/sp/sp/admin_gard/student/sp/sp/admin_gard/student/sp/sp/admin_gard/student/sp/sp/admin_gard/student/sp/sp/admin_gard/student/sp/admin_gard/student/sp/sp/sp/sp/admin_gard/student/sp/sp/sp/admin_gard/student/sp/admin_gard/student/sp/sp/sp/sp/sp/admin_gard/student/news_image.php HTTP/2" 200 9252 "-" "Mozilla/5.0 (compatible; MJ12bot/v1.4.8; http://mj12bot.com/)"
88.88.156.124 - - [12/May/2026:15:24:50 +0700] "GET /index.php/img/gallery/img/gallery/img/gallery/img/gallery/sp/sp/sp/gard/sp/admin_gard/student/sp/admin_gard/student/sp/admin_gard/student/sp/sp/admin_gard/student/sp/sp/admin_gard/student/sp/admin_gard/student/sp/sp/admin_gard/student/sp/sp/admin_gard/student/sp/sp/admin_gard/student/sp/sp/admin_gard/student/sp/sp/admin_gard/student/sp/admin_gard/student/sp/sp/sp/sp/admin_gard/student/sp/sp/sp/admin_gard/student/sp/admin_gard/student/sp/sp/sp/sp/sp/admin_gard/student/personnel.php HTTP/2" 200 9252 "-" "Mozilla/5.0 (compatible; MJ12bot/v1.4.8; http://mj12bot.com/)"
88.88.156.124 - - [12/May/2026:15:24:52 +0700] "GET /index.php/img/gallery/img/gallery/img/gallery/img/gallery/sp/sp/sp/gard/sp/admin_gard/student/sp/admin_gard/student/sp/admin_gard/student/sp/sp/admin_gard/student/sp/sp/admin_gard/student/sp/admin_gard/student/sp/sp/admin_gard/student/sp/sp/admin_gard/student/sp/sp/admin_gard/student/sp/sp/admin_gard/student/sp/sp/admin_gard/student/sp/admin_gard/student/sp/sp/sp/sp/admin_gard/student/sp/sp/sp/admin_gard/student/sp/admin_gard/student/sp/sp/sp/sp/sp/admin_gard/student/relations.php HTTP/2" 200 9251 "-" "Mozilla/5.0 (compatible; MJ12bot/v1.4.8; http://mj12bot.com/)"
88.88.156.124 - - [12/May/2026:15:24:53 +0700] "GET /index.php/img/gallery/img/gallery/img/gallery/img/gallery/sp/sp/sp/gard/sp/admin_gard/student/sp/admin_gard/student/sp/admin_gard/student/sp/sp/admin_gard/student/sp/sp/admin_gard/student/sp/admin_gard/student/sp/sp/admin_gard/student/sp/sp/admin_gard/student/sp/sp/admin_gard/student/sp/sp/admin_gard/student/sp/sp/admin_gard/student/sp/admin_gard/student/sp/sp/sp/sp/admin_gard/student/sp/sp/sp/admin_gard/student/sp/admin_gard/student/sp/sp/sp/sp/sp/admin_gard/student/sp/index.php HTTP/2" 200 9251 "-" "Mozilla/5.0 (compatible; MJ12bot/v1.4.8; http://mj12bot.com/)"
88.88.156.124 - - [12/May/2026:15:24:55 +0700] "GET /index.php/img/gallery/img/gallery/img/gallery/img/gallery/sp/sp/sp/gard/sp/admin_gard/student/sp/admin_gard/student/sp/admin_gard/student/sp/sp/admin_gard/student/sp/sp/admin_gard/student/sp/admin_gard/student/sp/sp/admin_gard/student/sp/sp/admin_gard/student/sp/sp/admin_gard/student/sp/sp/admin_gard/student/sp/sp/admin_gard/student/sp/admin_gard/student/sp/sp/sp/sp/admin_gard/student/sp/sp/sp/admin_gard/student/sp/admin_gard/student/sp/sp/sp/sp/sp/contact.php HTTP/2" 200 9284 "-" "Mozilla/5.0 (compatible; MJ12bot/v1.4.8; http://mj12bot.com/)"
88.88.156.124 - - [12/May/2026:15:24:57 +0700] "GET /index.php/img/gallery/img/gallery/img/gallery/img/gallery/sp/sp/sp/gard/sp/admin_gard/student/sp/admin_gard/student/sp/admin_gard/student/sp/sp/admin_gard/student/sp/sp/admin_gard/student/sp/admin_gard/student/sp/sp/admin_gard/student/sp/sp/admin_gard/student/sp/sp/admin_gard/student/sp/sp/admin_gard/student/sp/sp/admin_gard/student/sp/admin_gard/student/sp/sp/sp/sp/admin_gard/student/sp/sp/sp/admin_gard/student/sp/admin_gard/student/sp/sp/sp/sp/sp/news.php HTTP/2" 200 9251 "-" "Mozilla/5.0 (compatible; MJ12bot/v1.4.8; http://mj12bot.com/)"
88.88.156.124 - - [12/May/2026:15:24:58 +0700] "GET /index.php/img/gallery/img/gallery/img/gallery/img/gallery/sp/sp/sp/gard/sp/admin_gard/student/sp/admin_gard/student/sp/admin_gard/student/sp/sp/admin_gard/student/sp/sp/admin_gard/student/sp/admin_gard/student/sp/sp/admin_gard/student/sp/sp/admin_gard/student/sp/sp/admin_gard/student/sp/sp/admin_gard/student/sp/sp/admin_gard/student/sp/admin_gard/student/sp/sp/sp/sp/admin_gard/student/sp/sp/sp/admin_gard/student/sp/admin_gard/student/sp/sp/sp/sp/sp/news_details.php?news_id=00000000396 HTTP/2" 200 9284 "-" "Mozilla/5.0 (compatible; MJ12bot/v1.4.8; http://mj12bot.com/)"
88.88.156.124 - - [12/May/2026:15:25:00 +0700] "GET /index.php/img/gallery/img/gallery/img/gallery/img/gallery/sp/sp/sp/gard/sp/admin_gard/student/sp/admin_gard/student/sp/admin_gard/student/sp/sp/admin_gard/student/sp/sp/admin_gard/student/sp/admin_gard/student/sp/sp/admin_gard/student/sp/sp/admin_gard/student/sp/sp/admin_gard/student/sp/sp/admin_gard/student/sp/sp/admin_gard/student/sp/admin_gard/student/sp/sp/sp/sp/admin_gard/student/sp/sp/sp/admin_gard/student/sp/admin_gard/student/sp/sp/sp/sp/sp/news_details.php?news_id=00000000397 HTTP/2" 200 9252 "-" "Mozilla/5.0 (compatible; MJ12bot/v1.4.8; http://mj12bot.com/)"
52.167.144.23 - - [12/May/2026:15:25:00 +0700] "GET /symnub49514504 HTTP/2" 404 26 "-" "Mozilla/5.0 AppleWebKit/537.36 (KHTML, like Gecko; compatible; bingbot/2.0; +http://www.bing.com/bingbot.htm) Chrome/116.0.1938.76 Safari/537.36"
52.167.144.23 - - [12/May/2026:15:25:00 +0700] "GET /blue-dotted/weitz-construction-phone-number HTTP/2" 404 26 "-" "Mozilla/5.0 AppleWebKit/537.36 (KHTML, like Gecko; compatible; bingbot/2.0; +http://www.bing.com/bingbot.htm) Chrome/116.0.1938.76 Safari/537.36"
88.88.156.124 - - [12/May/2026:15:25:02 +0700] "GET /index.php/img/gallery/img/gallery/img/gallery/img/gallery/sp/sp/sp/gard/sp/admin_gard/student/sp/admin_gard/student/sp/admin_gard/student/sp/sp/admin_gard/student/sp/sp/admin_gard/student/sp/admin_gard/student/sp/sp/admin_gard/student/sp/sp/admin_gard/student/sp/sp/admin_gard/student/sp/sp/admin_gard/student/sp/sp/admin_gard/student/sp/admin_gard/student/sp/sp/sp/sp/admin_gard/student/sp/sp/sp/admin_gard/student/sp/admin_gard/student/sp/sp/sp/sp/sp/news_details.php?news_id=00000000414 HTTP/2" 200 9241 "-" "Mozilla/5.0 (compatible; MJ12bot/v1.4.8; http://mj12bot.com/)"
88.88.156.124 - - [12/May/2026:15:25:03 +0700] "GET /index.php/img/gallery/img/gallery/img/gallery/img/gallery/sp/sp/sp/gard/sp/admin_gard/student/sp/admin_gard/student/sp/admin_gard/student/sp/sp/admin_gard/student/sp/sp/admin_gard/student/sp/admin_gard/student/sp/sp/admin_gard/student/sp/sp/admin_gard/student/sp/sp/admin_gard/student/sp/sp/admin_gard/student/sp/sp/admin_gard/student/sp/admin_gard/student/sp/sp/sp/sp/admin_gard/student/sp/sp/sp/admin_gard/student/sp/admin_gard/student/sp/sp/sp/sp/sp/news_details.php?news_id=00000000430 HTTP/2" 200 9285 "-" "Mozilla/5.0 (compatible; MJ12bot/v1.4.8; http://mj12bot.com/)"
88.88.156.124 - - [12/May/2026:15:25:05 +0700] "GET /index.php/img/gallery/img/gallery/img/gallery/img/gallery/sp/sp/sp/gard/sp/admin_gard/student/sp/admin_gard/student/sp/admin_gard/student/sp/sp/admin_gard/student/sp/sp/admin_gard/student/sp/admin_gard/student/sp/sp/admin_gard/student/sp/sp/admin_gard/student/sp/sp/admin_gard/student/sp/sp/admin_gard/student/sp/sp/admin_gard/student/sp/admin_gard/student/sp/sp/sp/sp/admin_gard/student/sp/sp/sp/admin_gard/student/sp/admin_gard/student/sp/sp/sp/sp/sp/news_details.php?news_id=00000000548 HTTP/2" 200 9252 "-" "Mozilla/5.0 (compatible; MJ12bot/v1.4.8; http://mj12bot.com/)"
88.88.156.124 - - [12/May/2026:15:25:07 +0700] "GET /index.php/img/gallery/img/gallery/img/gallery/img/gallery/sp/sp/sp/gard/sp/admin_gard/student/sp/admin_gard/student/sp/admin_gard/student/sp/sp/admin_gard/student/sp/sp/admin_gard/student/sp/admin_gard/student/sp/sp/admin_gard/student/sp/sp/admin_gard/student/sp/sp/admin_gard/student/sp/sp/admin_gard/student/sp/sp/admin_gard/student/sp/admin_gard/student/sp/sp/sp/sp/admin_gard/student/sp/sp/sp/admin_gard/student/sp/admin_gard/student/sp/sp/sp/sp/sp/news_details.php?news_id=00000000549 HTTP/2" 200 9317 "-" "Mozilla/5.0 (compatible; MJ12bot/v1.4.8; http://mj12bot.com/)"
88.88.156.124 - - [12/May/2026:15:25:08 +0700] "GET /index.php/img/gallery/img/gallery/img/gallery/img/gallery/sp/sp/sp/gard/sp/admin_gard/student/sp/admin_gard/student/sp/admin_gard/student/sp/sp/admin_gard/student/sp/sp/admin_gard/student/sp/admin_gard/student/sp/sp/admin_gard/student/sp/sp/admin_gard/student/sp/sp/admin_gard/student/sp/sp/admin_gard/student/sp/sp/admin_gard/student/sp/admin_gard/student/sp/sp/sp/sp/admin_gard/student/sp/sp/sp/admin_gard/student/sp/admin_gard/student/sp/sp/sp/sp/sp/news_details.php?news_id=00000000550 HTTP/2" 200 9285 "-" "Mozilla/5.0 (compatible; MJ12bot/v1.4.8; http://mj12bot.com/)"
40.77.167.123 - - [12/May/2026:15:25:08 +0700] "GET /blue-dotted/light-up-glasses-near-tehran%2C-tehran-province HTTP/2" 404 26 "-" "Mozilla/5.0 AppleWebKit/537.36 (KHTML, like Gecko; compatible; bingbot/2.0; +http://www.bing.com/bingbot.htm) Chrome/116.0.1938.76 Safari/537.36"
88.88.156.124 - - [12/May/2026:15:25:10 +0700] "GET /index.php/img/gallery/img/gallery/img/gallery/img/gallery/sp/sp/sp/gard/sp/admin_gard/student/sp/admin_gard/student/sp/admin_gard/student/sp/sp/admin_gard/student/sp/sp/admin_gard/student/sp/admin_gard/student/sp/sp/admin_gard/student/sp/sp/admin_gard/student/sp/sp/admin_gard/student/sp/sp/admin_gard/student/sp/sp/admin_gard/student/sp/admin_gard/student/sp/sp/sp/sp/admin_gard/student/sp/sp/sp/admin_gard/student/sp/admin_gard/student/sp/sp/sp/sp/sp/news_details.php?news_id=00000000551 HTTP/2" 200 9252 "-" "Mozilla/5.0 (compatible; MJ12bot/v1.4.8; http://mj12bot.com/)"
88.88.156.124 - - [12/May/2026:15:25:12 +0700] "GET /index.php/img/gallery/img/gallery/img/gallery/img/gallery/sp/sp/sp/gard/sp/admin_gard/student/sp/admin_gard/student/sp/admin_gard/student/sp/sp/admin_gard/student/sp/sp/admin_gard/student/sp/admin_gard/student/sp/sp/admin_gard/student/sp/sp/admin_gard/student/sp/sp/admin_gard/student/sp/sp/admin_gard/student/sp/sp/admin_gard/student/sp/admin_gard/student/sp/sp/sp/sp/admin_gard/student/sp/sp/sp/admin_gard/student/sp/admin_gard/student/sp/sp/sp/sp/sp/news_details.php?news_id=00000000553 HTTP/2" 200 9285 "-" "Mozilla/5.0 (compatible; MJ12bot/v1.4.8; http://mj12bot.com/)"
88.88.156.124 - - [12/May/2026:15:25:13 +0700] "GET /index.php/img/gallery/img/gallery/img/gallery/img/gallery/sp/sp/sp/gard/sp/admin_gard/student/sp/admin_gard/student/sp/admin_gard/student/sp/sp/admin_gard/student/sp/sp/admin_gard/student/sp/admin_gard/student/sp/sp/admin_gard/student/sp/sp/admin_gard/student/sp/sp/admin_gard/student/sp/sp/admin_gard/student/sp/sp/admin_gard/student/sp/admin_gard/student/sp/sp/sp/sp/admin_gard/student/sp/sp/sp/admin_gard/student/sp/admin_gard/student/sp/sp/sp/sp/sp/news_details.php?news_id=00000000554 HTTP/2" 200 9284 "-" "Mozilla/5.0 (compatible; MJ12bot/v1.4.8; http://mj12bot.com/)"
88.88.156.124 - - [12/May/2026:15:25:15 +0700] "GET /index.php/img/gallery/img/gallery/img/gallery/img/gallery/sp/sp/sp/gard/sp/admin_gard/student/sp/admin_gard/student/sp/admin_gard/student/sp/sp/admin_gard/student/sp/sp/admin_gard/student/sp/admin_gard/student/sp/sp/admin_gard/student/sp/sp/admin_gard/student/sp/sp/admin_gard/student/sp/sp/admin_gard/student/sp/sp/admin_gard/student/sp/admin_gard/student/sp/sp/sp/sp/admin_gard/student/sp/sp/sp/admin_gard/student/sp/admin_gard/student/sp/sp/sp/sp/sp/news_details.php?news_id=00000000555 HTTP/2" 200 9284 "-" "Mozilla/5.0 (compatible; MJ12bot/v1.4.8; http://mj12bot.com/)"
88.88.156.124 - - [12/May/2026:15:25:17 +0700] "GET /index.php/img/gallery/img/gallery/img/gallery/img/gallery/sp/sp/sp/gard/sp/admin_gard/student/sp/admin_gard/student/sp/admin_gard/student/sp/sp/admin_gard/student/sp/sp/admin_gard/student/sp/admin_gard/student/sp/sp/admin_gard/student/sp/sp/admin_gard/student/sp/sp/admin_gard/student/sp/sp/admin_gard/student/sp/sp/admin_gard/student/sp/admin_gard/student/sp/sp/sp/sp/admin_gard/student/sp/sp/sp/admin_gard/student/sp/admin_gard/student/sp/sp/sp/sp/sp/news_image.php HTTP/2" 200 9284 "-" "Mozilla/5.0 (compatible; MJ12bot/v1.4.8; http://mj12bot.com/)"
88.88.156.124 - - [12/May/2026:15:25:18 +0700] "GET /index.php/img/gallery/img/gallery/img/gallery/img/gallery/sp/sp/sp/gard/sp/admin_gard/student/sp/admin_gard/student/sp/admin_gard/student/sp/sp/admin_gard/student/sp/sp/admin_gard/student/sp/admin_gard/student/sp/sp/admin_gard/student/sp/sp/admin_gard/student/sp/sp/admin_gard/student/sp/sp/admin_gard/student/sp/sp/admin_gard/student/sp/admin_gard/student/sp/sp/sp/sp/admin_gard/student/sp/sp/sp/admin_gard/student/sp/admin_gard/student/sp/sp/sp/sp/sp/personnel.php HTTP/2" 200 9284 "-" "Mozilla/5.0 (compatible; MJ12bot/v1.4.8; http://mj12bot.com/)"
88.88.156.124 - - [12/May/2026:15:25:20 +0700] "GET /index.php/img/gallery/img/gallery/img/gallery/img/gallery/sp/sp/sp/gard/sp/admin_gard/student/sp/admin_gard/student/sp/admin_gard/student/sp/sp/admin_gard/student/sp/sp/admin_gard/student/sp/admin_gard/student/sp/sp/admin_gard/student/sp/sp/admin_gard/student/sp/sp/admin_gard/student/sp/sp/admin_gard/student/sp/sp/admin_gard/student/sp/admin_gard/student/sp/sp/sp/sp/admin_gard/student/sp/sp/sp/admin_gard/student/sp/admin_gard/student/sp/sp/sp/sp/sp/relations.php HTTP/2" 200 9284 "-" "Mozilla/5.0 (compatible; MJ12bot/v1.4.8; http://mj12bot.com/)"
88.88.156.124 - - [12/May/2026:15:25:22 +0700] "GET /index.php/img/gallery/img/gallery/img/gallery/img/gallery/sp/sp/sp/gard/sp/admin_gard/student/sp/admin_gard/student/sp/admin_gard/student/sp/sp/admin_gard/student/sp/sp/admin_gard/student/sp/admin_gard/student/sp/sp/admin_gard/student/sp/sp/admin_gard/student/sp/sp/admin_gard/student/sp/sp/admin_gard/student/sp/sp/admin_gard/student/sp/admin_gard/student/sp/sp/sp/sp/admin_gard/student/sp/sp/sp/admin_gard/student/sp/admin_gard/student/sp/sp/sp/sp/sp/sp/index.php HTTP/2" 200 9316 "-" "Mozilla/5.0 (compatible; MJ12bot/v1.4.8; http://mj12bot.com/)"
88.88.156.124 - - [12/May/2026:15:25:23 +0700] "GET /index.php/img/gallery/img/gallery/img/gallery/img/gallery/sp/sp/sp/gard/sp/admin_gard/student/sp/admin_gard/student/sp/admin_gard/student/sp/sp/admin_gard/student/sp/sp/admin_gard/student/sp/admin_gard/student/sp/sp/admin_gard/student/sp/sp/admin_gard/student/sp/sp/admin_gard/student/sp/sp/admin_gard/student/sp/sp/admin_gard/student/sp/admin_gard/student/sp/sp/sp/sp/admin_gard/student/sp/sp/sp/admin_gard/student/sp/sp/admin_gard/student/sp/admin_gard/student/sp/sp/about.php HTTP/2" 200 9203 "-" "Mozilla/5.0 (compatible; MJ12bot/v1.4.8; http://mj12bot.com/)"
88.88.156.124 - - [12/May/2026:15:25:25 +0700] "GET /index.php/img/gallery/img/gallery/img/gallery/img/gallery/sp/sp/sp/gard/sp/admin_gard/student/sp/admin_gard/student/sp/admin_gard/student/sp/sp/admin_gard/student/sp/sp/admin_gard/student/sp/admin_gard/student/sp/sp/admin_gard/student/sp/sp/admin_gard/student/sp/sp/admin_gard/student/sp/sp/admin_gard/student/sp/sp/admin_gard/student/sp/admin_gard/student/sp/sp/sp/sp/admin_gard/student/sp/sp/sp/admin_gard/student/sp/sp/admin_gard/student/sp/admin_gard/student/sp/sp/contact.php HTTP/2" 200 9284 "-" "Mozilla/5.0 (compatible; MJ12bot/v1.4.8; http://mj12bot.com/)"
37.60.141.252 - - [12/May/2026:15:26:04 +0700] "GET /wp-login.php HTTP/2" 404 26 "-" "Mozilla/5.0 (Macintosh; Intel Mac OS X 13_6_2) AppleWebKit/537.36 (KHTML, like Gecko) Chrome/118.0.5993.88 Safari/537.36"
37.60.141.252 - - [12/May/2026:15:26:05 +0700] "GET /administrator/ HTTP/2" 404 26 "-" "Mozilla/5.0 (Windows NT 10.0; Win64; x64) Gecko/20100101 Firefox/118.0.2"
47.128.41.86 - - [12/May/2026:15:26:25 +0700] "GET /webboard/sp/sp/contact.php HTTP/2" 404 26 "-" "Mozilla/5.0 (Linux; Android 5.0) AppleWebKit/537.36 (KHTML, like Gecko) Mobile Safari/537.36 (compatible; Bytespider; [email protected])"
66.249.66.72 - - [12/May/2026:15:29:00 +0700] "GET /video/?id=g2g8888 HTTP/2" 404 26 "-" "Mozilla/5.0 (Linux; Android 6.0.1; Nexus 5X Build/MMB29P) AppleWebKit/537.36 (KHTML, like Gecko) Chrome/147.0.7727.137 Mobile Safari/537.36 (compatible; Googlebot/2.1; +http://www.google.com/bot.html)"
66.249.66.198 - - [12/May/2026:15:29:00 +0700] "GET /video/?id=%E0%B9%80%E0%B8%81%E0%B8%A1%E0%B8%88%E0%B8%A3%E0%B8%A7%E0%B8%94 HTTP/2" 404 26 "-" "Mozilla/5.0 (Linux; Android 6.0.1; Nexus 5X Build/MMB29P) AppleWebKit/537.36 (KHTML, like Gecko) Chrome/147.0.7727.137 Mobile Safari/537.36 (compatible; Googlebot/2.1; +http://www.google.com/bot.html)"
43.153.192.98 - - [12/May/2026:15:29:08 +0700] "GET / HTTP/2" 200 9328 "http://www.ccp.ac.th" "Mozilla/5.0 (iPhone; CPU iPhone OS 13_2_3 like Mac OS X) AppleWebKit/605.1.15 (KHTML, like Gecko) Version/13.0.3 Mobile/15E148 Safari/604.1"
155.229.89.28 - - [12/May/2026:15:31:44 +0700] "GET /admin/upload/images/%E0%B8%9B%E0%B8%B5%E0%B8%81%E0%B8%B2%E0%B8%A3%E0%B8%A8%E0%B8%B6%E0%B8%81%E0%B8%A9%E0%B8%B2%20%E0%B9%92%E0%B9%95%E0%B9%96%E0%B9%93/1.%20%E0%B8%9B%E0%B8%A3%E0%B8%B0%E0%B8%88%E0%B8%B3%20%E0%B9%80%E0%B8%94%E0%B8%B7%E0%B8%AD%E0%B8%99%E0%B8%AA%E0%B8%B4%E0%B8%87%E0%B8%AB%E0%B8%B2%E0%B8%84%E0%B8%A1%202563/22.%20%E0%B9%81%E0%B8%81%E0%B8%99%E0%B8%99%E0%B8%B3%E0%B8%AA%E0%B8%B2%E0%B8%A3%E0%B8%A7%E0%B8%B1%E0%B8%95%E0%B8%A3%E0%B8%99%E0%B8%B1%E0%B8%81%E0%B9%80%E0%B8%A3%E0%B8%B5%E0%B8%A2%E0%B8%99/%E0%B9%81%E0%B8%81%E0%B8%99%E0%B8%99%E0%B8%B3%E0%B8%AA%E0%B8%B2%E0%B8%A3%E0%B8%A7%E0%B8%B1%E0%B8%95%E0%B8%99%E0%B8%B1%E0%B8%81%E0%B9%80%E0%B8%A3%E0%B8%B5%E0%B8%A2%E0%B8%99_%E0%B9%92%E0%B9%90%E0%B9%90%E0%B9%98%E0%B9%93%E0%B9%90_5.jpg HTTP/2" 200 304999 "-" "Mozilla/5.0 (compatible; crawler)"
47.128.41.40 - - [12/May/2026:15:32:44 +0700] "GET /news_details.php?news_id=00000000139 HTTP/2" 200 4478 "-" "Mozilla/5.0 (Linux; Android 5.0) AppleWebKit/537.36 (KHTML, like Gecko) Mobile Safari/537.36 (compatible; Bytespider; [email protected])"
47.128.41.40 - - [12/May/2026:15:32:45 +0700] "GET /admin/upload/images/content/8%20%E0%B8%81.%E0%B8%9E.%2063/%E0%B8%81%E0%B8%B2%E0%B8%A3%E0%B9%81%E0%B8%AA%E0%B8%94%E0%B8%87%E0%B8%AA%E0%B8%A3%E0%B9%89%E0%B8%B2%E0%B8%87%E0%B8%AA%E0%B8%A3%E0%B8%A3%E0%B8%84%E0%B9%8C%E0%B9%81%E0%B8%A5%E0%B8%B0%E0%B8%88%E0%B8%B4%E0%B8%99%E0%B8%95%E0%B8%A5%E0%B8%B5%E0%B8%A5%E0%B8%B2/%E0%B8%81%E0%B8%B2%E0%B8%A3%E0%B9%81%E0%B8%AA%E0%B8%94%E0%B8%87%E0%B8%AA%E0%B8%A3%E0%B9%89%E0%B8%B2%E0%B8%87%E0%B8%AA%E0%B8%A3%E0%B8%A3%E0%B8%84%E0%B9%8C%E0%B9%81%E0%B8%A5%E0%B8%B0%E0%B8%88%E0%B8%B4%E0%B8%99%E0%B8%95%E0%B8%A5%E0%B8%B5%E0%B8%A5%E0%B8%B2%E0%B8%84%E0%B9%88%E0%B8%B0_%E0%B9%92%E0%B9%90%E0%B9%90%E0%B9%92%E0%B9%90%E0%B9%98_0001.jpg HTTP/2" 200 283144 "https://www.ccp.ac.th/news_details.php?news_id=00000000139" "Mozilla/5.0 (Linux; Android 5.0) AppleWebKit/537.36 (KHTML, like Gecko) Mobile Safari/537.36 (compatible; Bytespider; [email protected])"
47.128.41.40 - - [12/May/2026:15:32:45 +0700] "GET /css/style2.css HTTP/2" 404 26 "https://www.ccp.ac.th/news_details.php?news_id=00000000139" "Mozilla/5.0 (Linux; Android 5.0) AppleWebKit/537.36 (KHTML, like Gecko) Mobile Safari/537.36 (compatible; Bytespider; [email protected])"
47.128.41.40 - - [12/May/2026:15:32:45 +0700] "GET /admin/upload/images/content/8%20%E0%B8%81.%E0%B8%9E.%2063/%E0%B8%81%E0%B8%B2%E0%B8%A3%E0%B9%81%E0%B8%AA%E0%B8%94%E0%B8%87%E0%B8%AA%E0%B8%A3%E0%B9%89%E0%B8%B2%E0%B8%87%E0%B8%AA%E0%B8%A3%E0%B8%A3%E0%B8%84%E0%B9%8C%E0%B9%81%E0%B8%A5%E0%B8%B0%E0%B8%88%E0%B8%B4%E0%B8%99%E0%B8%95%E0%B8%A5%E0%B8%B5%E0%B8%A5%E0%B8%B2/%E0%B8%81%E0%B8%B2%E0%B8%A3%E0%B9%81%E0%B8%AA%E0%B8%94%E0%B8%87%E0%B8%AA%E0%B8%A3%E0%B9%89%E0%B8%B2%E0%B8%87%E0%B8%AA%E0%B8%A3%E0%B8%A3%E0%B8%84%E0%B9%8C%E0%B9%81%E0%B8%A5%E0%B8%B0%E0%B8%88%E0%B8%B4%E0%B8%99%E0%B8%95%E0%B8%A5%E0%B8%B5%E0%B8%A5%E0%B8%B2%E0%B8%84%E0%B9%88%E0%B8%B0_%E0%B9%92%E0%B9%90%E0%B9%90%E0%B9%92%E0%B9%90%E0%B9%98_0004.jpg HTTP/2" 200 312605 "https://www.ccp.ac.th/news_details.php?news_id=00000000139" "Mozilla/5.0 (Linux; Android 5.0) AppleWebKit/537.36 (KHTML, like Gecko) Mobile Safari/537.36 (compatible; Bytespider; [email protected])"
47.128.41.40 - - [12/May/2026:15:32:45 +0700] "GET /admin/images/news_5e3ebfe9887a6.jpg HTTP/2" 200 280812 "https://www.ccp.ac.th/news_details.php?news_id=00000000139" "Mozilla/5.0 (Linux; Android 5.0) AppleWebKit/537.36 (KHTML, like Gecko) Mobile Safari/537.36 (compatible; Bytespider; [email protected])"
47.128.41.40 - - [12/May/2026:15:32:45 +0700] "GET /admin/upload/images/content/8%20%E0%B8%81.%E0%B8%9E.%2063/%E0%B8%81%E0%B8%B2%E0%B8%A3%E0%B9%81%E0%B8%AA%E0%B8%94%E0%B8%87%E0%B8%AA%E0%B8%A3%E0%B9%89%E0%B8%B2%E0%B8%87%E0%B8%AA%E0%B8%A3%E0%B8%A3%E0%B8%84%E0%B9%8C%E0%B9%81%E0%B8%A5%E0%B8%B0%E0%B8%88%E0%B8%B4%E0%B8%99%E0%B8%95%E0%B8%A5%E0%B8%B5%E0%B8%A5%E0%B8%B2/%E0%B8%81%E0%B8%B2%E0%B8%A3%E0%B9%81%E0%B8%AA%E0%B8%94%E0%B8%87%E0%B8%AA%E0%B8%A3%E0%B9%89%E0%B8%B2%E0%B8%87%E0%B8%AA%E0%B8%A3%E0%B8%A3%E0%B8%84%E0%B9%8C%E0%B9%81%E0%B8%A5%E0%B8%B0%E0%B8%88%E0%B8%B4%E0%B8%99%E0%B8%95%E0%B8%A5%E0%B8%B5%E0%B8%A5%E0%B8%B2%E0%B8%84%E0%B9%88%E0%B8%B0_%E0%B9%92%E0%B9%90%E0%B9%90%E0%B9%92%E0%B9%90%E0%B9%98_0009.jpg HTTP/2" 200 330326 "https://www.ccp.ac.th/news_details.php?news_id=00000000139" "Mozilla/5.0 (Linux; Android 5.0) AppleWebKit/537.36 (KHTML, like Gecko) Mobile Safari/537.36 (compatible; Bytespider; [email protected])"
47.128.41.40 - - [12/May/2026:15:32:45 +0700] "GET /admin/upload/images/content/8%20%E0%B8%81.%E0%B8%9E.%2063/%E0%B8%81%E0%B8%B2%E0%B8%A3%E0%B9%81%E0%B8%AA%E0%B8%94%E0%B8%87%E0%B8%AA%E0%B8%A3%E0%B9%89%E0%B8%B2%E0%B8%87%E0%B8%AA%E0%B8%A3%E0%B8%A3%E0%B8%84%E0%B9%8C%E0%B9%81%E0%B8%A5%E0%B8%B0%E0%B8%88%E0%B8%B4%E0%B8%99%E0%B8%95%E0%B8%A5%E0%B8%B5%E0%B8%A5%E0%B8%B2/%E0%B8%81%E0%B8%B2%E0%B8%A3%E0%B9%81%E0%B8%AA%E0%B8%94%E0%B8%87%E0%B8%AA%E0%B8%A3%E0%B9%89%E0%B8%B2%E0%B8%87%E0%B8%AA%E0%B8%A3%E0%B8%A3%E0%B8%84%E0%B9%8C%E0%B9%81%E0%B8%A5%E0%B8%B0%E0%B8%88%E0%B8%B4%E0%B8%99%E0%B8%95%E0%B8%A5%E0%B8%B5%E0%B8%A5%E0%B8%B2%E0%B8%84%E0%B9%88%E0%B8%B0_%E0%B9%92%E0%B9%90%E0%B9%90%E0%B9%92%E0%B9%90%E0%B9%98_0010.jpg HTTP/2" 200 392853 "https://www.ccp.ac.th/news_details.php?news_id=00000000139" "Mozilla/5.0 (Linux; Android 5.0) AppleWebKit/537.36 (KHTML, like Gecko) Mobile Safari/537.36 (compatible; Bytespider; [email protected])"
52.167.144.160 - - [12/May/2026:15:34:33 +0700] "GET /blue-dotted/vanderbilt-university-tower HTTP/2" 404 26 "-" "Mozilla/5.0 AppleWebKit/537.36 (KHTML, like Gecko; compatible; bingbot/2.0; +http://www.bing.com/bingbot.htm) Chrome/116.0.1938.76 Safari/537.36"
52.167.144.145 - - [12/May/2026:15:38:08 +0700] "GET /subokn3597166 HTTP/2" 404 26 "-" "Mozilla/5.0 AppleWebKit/537.36 (KHTML, like Gecko; compatible; bingbot/2.0; +http://www.bing.com/bingbot.htm) Chrome/116.0.1938.76 Safari/537.36"
66.249.66.11 - - [12/May/2026:15:40:18 +0700] "GET /admin/images/news_63d27f5c3b210.jpg HTTP/2" 200 137827 "-" "Googlebot-Image/1.0"
3.221.244.28 - - [12/May/2026:15:41:34 +0700] "GET /admin/images/news_69cf272f1f06e.php?filesrc=/var/www/vhosts/ccp.ac.th/smtp.ccp.ac.th/httpdocs/new/moodle/lib/yuilib/2in3/2.9.0/build/yui2-skin-sam-button/assets/skins/sam/yui2-skin-sam-button.css&path=/var/www/vhosts/ccp.ac.th/smtp.ccp.ac.th/httpdocs/new/moodle/lib/yuilib/2in3/2.9.0/build/yui2-skin-sam-button/assets/skins/sam HTTP/2" 200 1519 "-" "Mozilla/5.0 AppleWebKit/537.36 (KHTML, like Gecko; compatible; Amazonbot/0.1; +https://developer.amazon.com/support/amazonbot) Chrome/119.0.6045.214 Safari/537.36"
