81.167.26.57 - - [13/May/2026:18:41:28 +0700] "GET /index.php/img/gallery/img/gallery/img/gallery/img/gallery/sp/sp/sp/gard/sp/admin_gard/student/sp/admin_gard/student/sp/admin_gard/student/sp/sp/admin_gard/student/sp/sp/admin_gard/student/sp/admin_gard/student/sp/sp/admin_gard/student/sp/sp/admin_gard/student/sp/sp/admin_gard/student/sp/sp/admin_gard/student/sp/sp/admin_gard/student/sp/sp/sp/sp/admin_gard/student/sp/sp/sp/sp/sp/sp/admin_gard/student/sp/sp/sp/sp/sp/sp/sp/sp/sp/sp/sp/sp/sp/sp/sp/sp/admin_gard/student/sp/sp/news.php HTTP/2" 200 9256 "-" "Mozilla/5.0 (compatible; MJ12bot/v1.4.8; http://mj12bot.com/)"
81.167.26.57 - - [13/May/2026:18:41:30 +0700] "GET /index.php/img/gallery/img/gallery/img/gallery/img/gallery/sp/sp/sp/gard/sp/admin_gard/student/sp/admin_gard/student/sp/admin_gard/student/sp/sp/admin_gard/student/sp/sp/admin_gard/student/sp/admin_gard/student/sp/sp/admin_gard/student/sp/sp/admin_gard/student/sp/sp/admin_gard/student/sp/sp/admin_gard/student/sp/sp/admin_gard/student/sp/sp/sp/sp/admin_gard/student/sp/sp/sp/sp/sp/sp/admin_gard/student/sp/sp/sp/sp/sp/sp/sp/sp/sp/sp/sp/sp/sp/sp/sp/sp/news_details.php?news_id=00000000397 HTTP/2" 200 9193 "-" "Mozilla/5.0 (compatible; MJ12bot/v1.4.8; http://mj12bot.com/)"
81.167.26.57 - - [13/May/2026:18:41:31 +0700] "GET /index.php/img/gallery/img/gallery/img/gallery/img/gallery/sp/sp/sp/gard/sp/admin_gard/student/sp/admin_gard/student/sp/admin_gard/student/sp/sp/admin_gard/student/sp/sp/admin_gard/student/sp/admin_gard/student/sp/sp/admin_gard/student/sp/sp/admin_gard/student/sp/sp/admin_gard/student/sp/sp/admin_gard/student/sp/sp/admin_gard/student/sp/sp/sp/sp/admin_gard/student/sp/sp/sp/sp/sp/sp/admin_gard/student/sp/sp/sp/sp/sp/sp/sp/sp/sp/sp/sp/sp/sp/sp/sp/sp/news_details.php?news_id=00000000430 HTTP/2" 200 9256 "-" "Mozilla/5.0 (compatible; MJ12bot/v1.4.8; http://mj12bot.com/)"
81.167.26.57 - - [13/May/2026:18:41:33 +0700] "GET /index.php/img/gallery/img/gallery/img/gallery/img/gallery/sp/sp/sp/gard/sp/admin_gard/student/sp/admin_gard/student/sp/admin_gard/student/sp/sp/admin_gard/student/sp/sp/admin_gard/student/sp/admin_gard/student/sp/sp/admin_gard/student/sp/sp/admin_gard/student/sp/sp/admin_gard/student/sp/sp/admin_gard/student/sp/sp/admin_gard/student/sp/sp/sp/sp/admin_gard/student/sp/sp/sp/sp/sp/sp/admin_gard/student/sp/sp/sp/sp/sp/sp/sp/sp/sp/sp/sp/sp/sp/sp/sp/sp/news_details.php?news_id=00000000542 HTTP/2" 200 9292 "-" "Mozilla/5.0 (compatible; MJ12bot/v1.4.8; http://mj12bot.com/)"
81.167.26.57 - - [13/May/2026:18:41:35 +0700] "GET /index.php/img/gallery/img/gallery/img/gallery/img/gallery/sp/sp/sp/gard/sp/admin_gard/student/sp/admin_gard/student/sp/admin_gard/student/sp/sp/admin_gard/student/sp/sp/admin_gard/student/sp/admin_gard/student/sp/sp/admin_gard/student/sp/sp/admin_gard/student/sp/sp/admin_gard/student/sp/sp/admin_gard/student/sp/sp/admin_gard/student/sp/sp/sp/sp/admin_gard/student/sp/sp/sp/sp/sp/sp/admin_gard/student/sp/sp/sp/sp/sp/sp/sp/sp/sp/sp/sp/sp/sp/sp/sp/sp/relations.php HTTP/2" 200 9292 "-" "Mozilla/5.0 (compatible; MJ12bot/v1.4.8; http://mj12bot.com/)"
81.167.26.57 - - [13/May/2026:18:41:36 +0700] "GET /index.php/img/gallery/img/gallery/img/gallery/img/gallery/sp/sp/sp/gard/sp/admin_gard/student/sp/admin_gard/student/sp/admin_gard/student/sp/sp/admin_gard/student/sp/sp/admin_gard/student/sp/admin_gard/student/sp/sp/admin_gard/student/sp/sp/admin_gard/student/sp/sp/admin_gard/student/sp/sp/admin_gard/student/sp/sp/admin_gard/student/sp/sp/sp/sp/admin_gard/student/sp/sp/sp/sp/sp/sp/admin_gard/student/sp/sp/sp/sp/sp/sp/sp/sp/sp/sp/sp/sp/sp/sp/sp/sp/sp/about.php HTTP/2" 200 9256 "-" "Mozilla/5.0 (compatible; MJ12bot/v1.4.8; http://mj12bot.com/)"
81.167.26.57 - - [13/May/2026:18:41:38 +0700] "GET /index.php/img/gallery/img/gallery/img/gallery/img/gallery/sp/sp/sp/gard/sp/admin_gard/student/sp/admin_gard/student/sp/admin_gard/student/sp/sp/admin_gard/student/sp/sp/admin_gard/student/sp/admin_gard/student/sp/sp/admin_gard/student/sp/sp/admin_gard/student/sp/sp/admin_gard/student/sp/sp/admin_gard/student/sp/sp/admin_gard/student/sp/sp/sp/sp/admin_gard/student/sp/sp/sp/sp/sp/sp/admin_gard/student/sp/sp/sp/sp/sp/sp/sp/sp/sp/sp/sp/sp/sp/sp/sp/sp/sp/index.php HTTP/2" 200 9292 "-" "Mozilla/5.0 (compatible; MJ12bot/v1.4.8; http://mj12bot.com/)"
81.167.26.57 - - [13/May/2026:18:41:40 +0700] "GET /index.php/img/gallery/img/gallery/img/gallery/img/gallery/sp/sp/sp/gard/sp/admin_gard/student/sp/admin_gard/student/sp/admin_gard/student/sp/sp/admin_gard/student/sp/sp/admin_gard/student/sp/admin_gard/student/sp/sp/admin_gard/student/sp/sp/admin_gard/student/sp/sp/admin_gard/student/sp/sp/admin_gard/student/sp/sp/admin_gard/student/sp/sp/sp/sp/admin_gard/student/sp/sp/sp/sp/sp/sp/admin_gard/student/sp/sp/sp/sp/sp/sp/sp/sp/sp/sp/sp/sp/sp/sp/sp/sp/sp/sp/sp/sp/relations.php HTTP/2" 200 9246 "-" "Mozilla/5.0 (compatible; MJ12bot/v1.4.8; http://mj12bot.com/)"
81.167.26.57 - - [13/May/2026:18:41:41 +0700] "GET /index.php/img/gallery/img/gallery/img/gallery/img/gallery/sp/sp/sp/gard/sp/admin_gard/student/sp/admin_gard/student/sp/admin_gard/student/sp/sp/admin_gard/student/sp/sp/admin_gard/student/sp/admin_gard/student/sp/sp/admin_gard/student/sp/sp/admin_gard/student/sp/sp/admin_gard/student/sp/sp/admin_gard/student/sp/sp/admin_gard/student/sp/sp/sp/sp/admin_gard/student/sp/sp/sp/sp/sp/sp/admin_gard/student/sp/sp/sp/sp/sp/sp/sp/sp/sp/sp/sp/sp/sp/sp/sp/sp/sp/sp/sp/sp/sp/index.php HTTP/2" 200 9256 "-" "Mozilla/5.0 (compatible; MJ12bot/v1.4.8; http://mj12bot.com/)"
81.167.26.57 - - [13/May/2026:18:41:43 +0700] "GET /index.php/img/gallery/img/gallery/img/gallery/img/gallery/sp/sp/sp/gard/sp/admin_gard/student/sp/admin_gard/student/sp/admin_gard/student/sp/sp/admin_gard/student/sp/sp/admin_gard/student/sp/admin_gard/student/sp/sp/admin_gard/student/sp/sp/admin_gard/student/sp/sp/admin_gard/student/sp/sp/admin_gard/student/sp/sp/admin_gard/student/sp/sp/sp/sp/sp/admin_gard/student/sp/admin_gard/student/sp/sp/admin_gard/student/sp/sp/sp/sp/sp/admin_gard/student/sp/sp/sp/sp/sp/sp/sp/sp/sp/about.php HTTP/2" 200 9256 "-" "Mozilla/5.0 (compatible; MJ12bot/v1.4.8; http://mj12bot.com/)"
81.167.26.57 - - [13/May/2026:18:41:45 +0700] "GET /index.php/img/gallery/img/gallery/img/gallery/img/gallery/sp/sp/sp/gard/sp/admin_gard/student/sp/admin_gard/student/sp/admin_gard/student/sp/sp/admin_gard/student/sp/sp/admin_gard/student/sp/admin_gard/student/sp/sp/admin_gard/student/sp/sp/admin_gard/student/sp/sp/admin_gard/student/sp/sp/admin_gard/student/sp/sp/admin_gard/student/sp/sp/sp/sp/sp/admin_gard/student/sp/admin_gard/student/sp/sp/admin_gard/student/sp/sp/sp/sp/sp/admin_gard/student/sp/sp/sp/sp/sp/sp/sp/sp/sp/sp/about.php HTTP/2" 200 9292 "-" "Mozilla/5.0 (compatible; MJ12bot/v1.4.8; http://mj12bot.com/)"
81.167.26.57 - - [13/May/2026:18:41:46 +0700] "GET /index.php/img/gallery/img/gallery/img/gallery/img/gallery/sp/sp/sp/gard/sp/admin_gard/student/sp/admin_gard/student/sp/admin_gard/student/sp/sp/admin_gard/student/sp/sp/admin_gard/student/sp/admin_gard/student/sp/sp/admin_gard/student/sp/sp/admin_gard/student/sp/sp/admin_gard/student/sp/sp/admin_gard/student/sp/sp/admin_gard/student/sp/sp/sp/sp/sp/admin_gard/student/sp/admin_gard/student/sp/sp/admin_gard/student/sp/sp/sp/sp/sp/admin_gard/student/sp/sp/sp/sp/sp/sp/sp/sp/sp/sp/news.php HTTP/2" 200 9246 "-" "Mozilla/5.0 (compatible; MJ12bot/v1.4.8; http://mj12bot.com/)"
81.167.26.57 - - [13/May/2026:18:41:48 +0700] "GET /index.php/img/gallery/img/gallery/img/gallery/img/gallery/sp/sp/sp/gard/sp/admin_gard/student/sp/admin_gard/student/sp/admin_gard/student/sp/sp/admin_gard/student/sp/sp/admin_gard/student/sp/admin_gard/student/sp/sp/admin_gard/student/sp/sp/admin_gard/student/sp/sp/admin_gard/student/sp/sp/admin_gard/student/sp/sp/admin_gard/student/sp/sp/sp/sp/sp/admin_gard/student/sp/admin_gard/student/sp/sp/admin_gard/student/sp/sp/sp/sp/sp/sp/sp/sp/sp/sp/sp/sp/admin_gard/student/relations.php HTTP/2" 200 9256 "-" "Mozilla/5.0 (compatible; MJ12bot/v1.4.8; http://mj12bot.com/)"
81.167.26.57 - - [13/May/2026:18:41:50 +0700] "GET /index.php/img/gallery/img/gallery/img/gallery/img/gallery/sp/sp/sp/gard/sp/admin_gard/student/sp/admin_gard/student/sp/admin_gard/student/sp/sp/admin_gard/student/sp/sp/admin_gard/student/sp/admin_gard/student/sp/sp/admin_gard/student/sp/sp/admin_gard/student/sp/sp/admin_gard/student/sp/sp/admin_gard/student/sp/sp/admin_gard/student/sp/sp/sp/sp/sp/admin_gard/student/sp/admin_gard/student/sp/sp/admin_gard/student/sp/sp/sp/sp/sp/sp/sp/sp/sp/sp/sp/sp/admin_gard/student/sp/index.php HTTP/2" 200 9201 "-" "Mozilla/5.0 (compatible; MJ12bot/v1.4.8; http://mj12bot.com/)"
216.73.216.132 - - [13/May/2026:18:41:50 +0700] "GET /sitemap.xml HTTP/2" 404 26 "-" "Mozilla/5.0 AppleWebKit/537.36 (KHTML, like Gecko; compatible; ClaudeBot/1.0; [email protected])"
81.167.26.57 - - [13/May/2026:18:41:51 +0700] "GET /index.php/img/gallery/img/gallery/img/gallery/img/gallery/sp/sp/sp/gard/sp/admin_gard/student/sp/admin_gard/student/sp/admin_gard/student/sp/sp/admin_gard/student/sp/sp/admin_gard/student/sp/admin_gard/student/sp/sp/admin_gard/student/sp/sp/admin_gard/student/sp/sp/admin_gard/student/sp/sp/admin_gard/student/sp/sp/admin_gard/student/sp/sp/sp/sp/sp/admin_gard/student/sp/sp/admin_gard/student/sp/admin_gard/student/sp/sp/admin_gard/student/sp/sp/sp/sp/admin_gard/student/personnel.php HTTP/2" 200 9338 "-" "Mozilla/5.0 (compatible; MJ12bot/v1.4.8; http://mj12bot.com/)"
81.167.26.57 - - [13/May/2026:18:41:53 +0700] "GET /index.php/img/gallery/img/gallery/img/gallery/img/gallery/sp/sp/sp/gard/sp/admin_gard/student/sp/admin_gard/student/sp/admin_gard/student/sp/sp/admin_gard/student/sp/sp/admin_gard/student/sp/admin_gard/student/sp/sp/admin_gard/student/sp/sp/admin_gard/student/sp/sp/admin_gard/student/sp/sp/admin_gard/student/sp/sp/admin_gard/student/sp/sp/sp/sp/sp/admin_gard/student/sp/sp/admin_gard/student/sp/sp/sp/admin_gard/student/sp/admin_gard/student/sp/sp/sp/admin_gard/student/sp/news.php HTTP/2" 200 9292 "-" "Mozilla/5.0 (compatible; MJ12bot/v1.4.8; http://mj12bot.com/)"
81.167.26.57 - - [13/May/2026:18:41:55 +0700] "GET /index.php/img/gallery/img/gallery/img/gallery/img/gallery/sp/sp/sp/gard/sp/admin_gard/student/sp/admin_gard/student/sp/admin_gard/student/sp/sp/admin_gard/student/sp/sp/admin_gard/student/sp/admin_gard/student/sp/sp/admin_gard/student/sp/sp/admin_gard/student/sp/sp/admin_gard/student/sp/sp/admin_gard/student/sp/sp/admin_gard/student/sp/sp/sp/sp/sp/admin_gard/student/sp/sp/admin_gard/student/sp/sp/sp/sp/sp/admin_gard/student/sp/sp/sp/contact.php HTTP/2" 200 9256 "-" "Mozilla/5.0 (compatible; MJ12bot/v1.4.8; http://mj12bot.com/)"
81.167.26.57 - - [13/May/2026:18:41:56 +0700] "GET /index.php/img/gallery/img/gallery/img/gallery/img/gallery/sp/sp/sp/gard/sp/admin_gard/student/sp/admin_gard/student/sp/admin_gard/student/sp/sp/admin_gard/student/sp/sp/admin_gard/student/sp/admin_gard/student/sp/sp/admin_gard/student/sp/sp/admin_gard/student/sp/sp/admin_gard/student/sp/sp/admin_gard/student/sp/sp/admin_gard/student/sp/sp/sp/sp/sp/admin_gard/student/sp/sp/admin_gard/student/sp/sp/sp/sp/sp/sp/sp/admin_gard/student/news.php HTTP/2" 200 9246 "-" "Mozilla/5.0 (compatible; MJ12bot/v1.4.8; http://mj12bot.com/)"
81.167.26.57 - - [13/May/2026:18:41:58 +0700] "GET /index.php/img/gallery/img/gallery/img/gallery/img/gallery/sp/sp/sp/gard/sp/admin_gard/student/sp/admin_gard/student/sp/admin_gard/student/sp/sp/admin_gard/student/sp/sp/admin_gard/student/sp/admin_gard/student/sp/sp/admin_gard/student/sp/sp/admin_gard/student/sp/sp/admin_gard/student/sp/sp/admin_gard/student/sp/sp/admin_gard/student/sp/sp/sp/sp/sp/admin_gard/student/sp/sp/admin_gard/student/sp/sp/sp/sp/sp/sp/sp/admin_gard/student/news_details.php?news_id=00000000414 HTTP/2" 200 9256 "-" "Mozilla/5.0 (compatible; MJ12bot/v1.4.8; http://mj12bot.com/)"
81.167.26.57 - - [13/May/2026:18:42:00 +0700] "GET /index.php/img/gallery/img/gallery/img/gallery/img/gallery/sp/sp/sp/gard/sp/admin_gard/student/sp/admin_gard/student/sp/admin_gard/student/sp/sp/admin_gard/student/sp/sp/admin_gard/student/sp/admin_gard/student/sp/sp/admin_gard/student/sp/sp/admin_gard/student/sp/sp/admin_gard/student/sp/sp/admin_gard/student/sp/sp/admin_gard/student/sp/sp/sp/sp/sp/admin_gard/student/sp/sp/admin_gard/student/sp/sp/sp/sp/sp/sp/sp/admin_gard/student/news_details.php?news_id=00000000430 HTTP/2" 200 9256 "-" "Mozilla/5.0 (compatible; MJ12bot/v1.4.8; http://mj12bot.com/)"
81.167.26.57 - - [13/May/2026:18:42:02 +0700] "GET /index.php/img/gallery/img/gallery/img/gallery/img/gallery/sp/sp/sp/gard/sp/admin_gard/student/sp/admin_gard/student/sp/admin_gard/student/sp/sp/admin_gard/student/sp/sp/admin_gard/student/sp/admin_gard/student/sp/sp/admin_gard/student/sp/sp/admin_gard/student/sp/sp/admin_gard/student/sp/sp/admin_gard/student/sp/sp/admin_gard/student/sp/sp/sp/sp/sp/admin_gard/student/sp/sp/admin_gard/student/sp/sp/sp/sp/sp/sp/sp/admin_gard/student/news_details.php?news_id=00000000508 HTTP/2" 200 9246 "-" "Mozilla/5.0 (compatible; MJ12bot/v1.4.8; http://mj12bot.com/)"
81.167.26.57 - - [13/May/2026:18:42:03 +0700] "GET /index.php/img/gallery/img/gallery/img/gallery/img/gallery/sp/sp/sp/gard/sp/admin_gard/student/sp/admin_gard/student/sp/admin_gard/student/sp/sp/admin_gard/student/sp/sp/admin_gard/student/sp/admin_gard/student/sp/sp/admin_gard/student/sp/sp/admin_gard/student/sp/sp/admin_gard/student/sp/sp/admin_gard/student/sp/sp/admin_gard/student/sp/sp/sp/sp/sp/admin_gard/student/sp/sp/admin_gard/student/sp/sp/sp/sp/sp/sp/sp/admin_gard/student/news_details.php?news_id=00000000541 HTTP/2" 200 9256 "-" "Mozilla/5.0 (compatible; MJ12bot/v1.4.8; http://mj12bot.com/)"
81.167.26.57 - - [13/May/2026:18:42:05 +0700] "GET /index.php/img/gallery/img/gallery/img/gallery/img/gallery/sp/sp/sp/gard/sp/admin_gard/student/sp/admin_gard/student/sp/admin_gard/student/sp/sp/admin_gard/student/sp/sp/admin_gard/student/sp/admin_gard/student/sp/sp/admin_gard/student/sp/sp/admin_gard/student/sp/sp/admin_gard/student/sp/sp/admin_gard/student/sp/sp/admin_gard/student/sp/sp/sp/sp/sp/admin_gard/student/sp/sp/admin_gard/student/sp/sp/sp/sp/sp/sp/sp/admin_gard/student/news_details.php?news_id=00000000542 HTTP/2" 200 9256 "-" "Mozilla/5.0 (compatible; MJ12bot/v1.4.8; http://mj12bot.com/)"
81.167.26.57 - - [13/May/2026:18:42:07 +0700] "GET /index.php/img/gallery/img/gallery/img/gallery/img/gallery/sp/sp/sp/gard/sp/admin_gard/student/sp/admin_gard/student/sp/admin_gard/student/sp/sp/admin_gard/student/sp/sp/admin_gard/student/sp/admin_gard/student/sp/sp/admin_gard/student/sp/sp/admin_gard/student/sp/sp/admin_gard/student/sp/sp/admin_gard/student/sp/sp/admin_gard/student/sp/sp/sp/sp/sp/admin_gard/student/sp/sp/admin_gard/student/sp/sp/sp/sp/sp/sp/sp/admin_gard/student/news_details.php?news_id=00000000543 HTTP/2" 200 9292 "-" "Mozilla/5.0 (compatible; MJ12bot/v1.4.8; http://mj12bot.com/)"
81.167.26.57 - - [13/May/2026:18:42:08 +0700] "GET /index.php/img/gallery/img/gallery/img/gallery/img/gallery/sp/sp/sp/gard/sp/admin_gard/student/sp/admin_gard/student/sp/admin_gard/student/sp/sp/admin_gard/student/sp/sp/admin_gard/student/sp/admin_gard/student/sp/sp/admin_gard/student/sp/sp/admin_gard/student/sp/sp/admin_gard/student/sp/sp/admin_gard/student/sp/sp/admin_gard/student/sp/sp/sp/sp/sp/admin_gard/student/sp/sp/admin_gard/student/sp/sp/sp/sp/sp/sp/sp/admin_gard/student/news_details.php?news_id=00000000544 HTTP/2" 200 9256 "-" "Mozilla/5.0 (compatible; MJ12bot/v1.4.8; http://mj12bot.com/)"
81.167.26.57 - - [13/May/2026:18:42:10 +0700] "GET /index.php/img/gallery/img/gallery/img/gallery/img/gallery/sp/sp/sp/gard/sp/admin_gard/student/sp/admin_gard/student/sp/admin_gard/student/sp/sp/admin_gard/student/sp/sp/admin_gard/student/sp/admin_gard/student/sp/sp/admin_gard/student/sp/sp/admin_gard/student/sp/sp/admin_gard/student/sp/sp/admin_gard/student/sp/sp/admin_gard/student/sp/sp/sp/sp/sp/admin_gard/student/sp/sp/admin_gard/student/sp/sp/sp/sp/sp/sp/sp/admin_gard/student/news_image.php HTTP/2" 200 9246 "-" "Mozilla/5.0 (compatible; MJ12bot/v1.4.8; http://mj12bot.com/)"
66.249.66.199 - - [13/May/2026:18:42:11 +0700] "GET /robots.txt HTTP/2" 404 26 "-" "Mozilla/5.0 (compatible; Googlebot/2.1; +http://www.google.com/bot.html)"
66.249.66.200 - - [13/May/2026:18:42:11 +0700] "GET /relations.php?page=2 HTTP/2" 200 4419 "-" "Mozilla/5.0 (compatible; Googlebot/2.1; +http://www.google.com/bot.html)"
81.167.26.57 - - [13/May/2026:18:42:12 +0700] "GET /index.php/img/gallery/img/gallery/img/gallery/img/gallery/sp/sp/sp/gard/sp/admin_gard/student/sp/admin_gard/student/sp/admin_gard/student/sp/sp/admin_gard/student/sp/sp/admin_gard/student/sp/admin_gard/student/sp/sp/admin_gard/student/sp/sp/admin_gard/student/sp/sp/admin_gard/student/sp/sp/admin_gard/student/sp/sp/admin_gard/student/sp/sp/sp/sp/sp/admin_gard/student/sp/sp/admin_gard/student/sp/sp/sp/sp/sp/sp/sp/admin_gard/student/personnel.php HTTP/2" 200 9256 "-" "Mozilla/5.0 (compatible; MJ12bot/v1.4.8; http://mj12bot.com/)"
81.167.26.57 - - [13/May/2026:18:42:13 +0700] "GET /index.php/img/gallery/img/gallery/img/gallery/img/gallery/sp/sp/sp/gard/sp/admin_gard/student/sp/admin_gard/student/sp/admin_gard/student/sp/sp/admin_gard/student/sp/sp/admin_gard/student/sp/admin_gard/student/sp/sp/admin_gard/student/sp/sp/admin_gard/student/sp/sp/admin_gard/student/sp/sp/admin_gard/student/sp/sp/admin_gard/student/sp/sp/sp/sp/sp/admin_gard/student/sp/sp/admin_gard/student/sp/sp/sp/sp/sp/sp/sp/admin_gard/student/relations.php HTTP/2" 200 9256 "-" "Mozilla/5.0 (compatible; MJ12bot/v1.4.8; http://mj12bot.com/)"
81.167.26.57 - - [13/May/2026:18:42:15 +0700] "GET /index.php/img/gallery/img/gallery/img/gallery/img/gallery/sp/sp/sp/gard/sp/admin_gard/student/sp/admin_gard/student/sp/admin_gard/student/sp/sp/admin_gard/student/sp/sp/admin_gard/student/sp/admin_gard/student/sp/sp/admin_gard/student/sp/sp/admin_gard/student/sp/sp/admin_gard/student/sp/sp/admin_gard/student/sp/sp/admin_gard/student/sp/sp/sp/sp/sp/admin_gard/student/sp/sp/admin_gard/student/sp/sp/sp/sp/sp/sp/sp/admin_gard/student/sp/admin_gard/student/sp/news.php HTTP/2" 200 9259 "-" "Mozilla/5.0 (compatible; MJ12bot/v1.4.8; http://mj12bot.com/)"
66.249.66.198 - - [13/May/2026:18:42:15 +0700] "GET /css/style2.css HTTP/2" 404 26 "https://www.ccp.ac.th/relations.php?page=2" "Mozilla/5.0 AppleWebKit/537.36 (KHTML, like Gecko; compatible; Googlebot/2.1; +http://www.google.com/bot.html) Chrome/147.0.7727.116 Safari/537.36"
81.167.26.57 - - [13/May/2026:18:42:17 +0700] "GET /index.php/img/gallery/img/gallery/img/gallery/img/gallery/sp/sp/sp/gard/sp/admin_gard/student/sp/admin_gard/student/sp/admin_gard/student/sp/sp/admin_gard/student/sp/sp/admin_gard/student/sp/admin_gard/student/sp/sp/admin_gard/student/sp/sp/admin_gard/student/sp/sp/admin_gard/student/sp/sp/admin_gard/student/sp/sp/admin_gard/student/sp/sp/sp/sp/sp/admin_gard/student/sp/sp/admin_gard/student/sp/sp/sp/sp/sp/sp/sp/admin_gard/student/sp/admin_gard/student/sp/news_image.php HTTP/2" 200 9246 "-" "Mozilla/5.0 (compatible; MJ12bot/v1.4.8; http://mj12bot.com/)"
81.167.26.57 - - [13/May/2026:18:42:18 +0700] "GET /index.php/img/gallery/img/gallery/img/gallery/img/gallery/sp/sp/sp/gard/sp/admin_gard/student/sp/admin_gard/student/sp/admin_gard/student/sp/sp/admin_gard/student/sp/sp/admin_gard/student/sp/admin_gard/student/sp/sp/admin_gard/student/sp/sp/admin_gard/student/sp/sp/admin_gard/student/sp/sp/admin_gard/student/sp/sp/admin_gard/student/sp/sp/sp/sp/sp/admin_gard/student/sp/sp/admin_gard/student/sp/sp/sp/sp/sp/sp/sp/admin_gard/student/sp/admin_gard/student/sp/sp/index.php HTTP/2" 200 9201 "-" "Mozilla/5.0 (compatible; MJ12bot/v1.4.8; http://mj12bot.com/)"
66.249.66.166 - - [13/May/2026:18:42:19 +0700] "GET /js/header.js HTTP/2" 404 26 "https://www.ccp.ac.th/relations.php?page=2" "Mozilla/5.0 AppleWebKit/537.36 (KHTML, like Gecko; compatible; Googlebot/2.1; +http://www.google.com/bot.html) Chrome/147.0.7727.116 Safari/537.36"
81.167.26.57 - - [13/May/2026:18:42:20 +0700] "GET /index.php/img/gallery/img/gallery/img/gallery/img/gallery/sp/sp/sp/gard/sp/admin_gard/student/sp/admin_gard/student/sp/admin_gard/student/sp/sp/admin_gard/student/sp/sp/admin_gard/student/sp/admin_gard/student/sp/sp/admin_gard/student/sp/sp/admin_gard/student/sp/sp/admin_gard/student/sp/sp/admin_gard/student/sp/sp/admin_gard/student/sp/sp/sp/sp/sp/admin_gard/student/sp/sp/admin_gard/student/sp/sp/sp/sp/sp/sp/sp/admin_gard/student/sp/admin_gard/student/sp/sp/sp/index.php HTTP/2" 200 9256 "-" "Mozilla/5.0 (compatible; MJ12bot/v1.4.8; http://mj12bot.com/)"
66.249.66.198 - - [13/May/2026:18:42:20 +0700] "GET /font/Prompt-Medium.ttf HTTP/2" 200 65893 "https://www.ccp.ac.th/css/fonts1.css" "Mozilla/5.0 AppleWebKit/537.36 (KHTML, like Gecko; compatible; Googlebot/2.1; +http://www.google.com/bot.html) Chrome/147.0.7727.116 Safari/537.36"
81.167.26.57 - - [13/May/2026:18:42:22 +0700] "GET /index.php/img/gallery/img/gallery/img/gallery/img/gallery/sp/sp/sp/gard/sp/admin_gard/student/sp/admin_gard/student/sp/admin_gard/student/sp/sp/admin_gard/student/sp/sp/admin_gard/student/sp/admin_gard/student/sp/sp/admin_gard/student/sp/sp/admin_gard/student/sp/sp/admin_gard/student/sp/sp/admin_gard/student/sp/sp/admin_gard/student/sp/sp/sp/sp/sp/admin_gard/student/sp/sp/admin_gard/student/sp/sp/sp/sp/sp/sp/sp/admin_gard/student/sp/admin_gard/student/sp/sp/sp/news.php HTTP/2" 200 9256 "-" "Mozilla/5.0 (compatible; MJ12bot/v1.4.8; http://mj12bot.com/)"
81.167.26.57 - - [13/May/2026:18:42:24 +0700] "GET /index.php/img/gallery/img/gallery/img/gallery/img/gallery/sp/sp/sp/gard/sp/admin_gard/student/sp/admin_gard/student/sp/admin_gard/student/sp/sp/admin_gard/student/sp/sp/admin_gard/student/sp/admin_gard/student/sp/sp/admin_gard/student/sp/sp/admin_gard/student/sp/sp/admin_gard/student/sp/sp/admin_gard/student/sp/sp/admin_gard/student/sp/sp/sp/sp/sp/admin_gard/student/sp/sp/admin_gard/student/sp/sp/sp/sp/sp/sp/sp/admin_gard/student/sp/admin_gard/student/sp/sp/sp/news_image.php HTTP/2" 200 9256 "-" "Mozilla/5.0 (compatible; MJ12bot/v1.4.8; http://mj12bot.com/)"
81.167.26.57 - - [13/May/2026:18:42:26 +0700] "GET /index.php/img/gallery/img/gallery/img/gallery/img/gallery/sp/sp/sp/gard/sp/admin_gard/student/sp/admin_gard/student/sp/admin_gard/student/sp/sp/admin_gard/student/sp/sp/admin_gard/student/sp/admin_gard/student/sp/sp/admin_gard/student/sp/sp/admin_gard/student/sp/sp/admin_gard/student/sp/sp/admin_gard/student/sp/sp/admin_gard/student/sp/sp/sp/sp/sp/admin_gard/student/sp/sp/admin_gard/student/sp/sp/sp/sp/sp/sp/sp/admin_gard/student/sp/admin_gard/student/sp/sp/sp/personnel.php HTTP/2" 200 9246 "-" "Mozilla/5.0 (compatible; MJ12bot/v1.4.8; http://mj12bot.com/)"
81.167.26.57 - - [13/May/2026:18:42:27 +0700] "GET /index.php/img/gallery/img/gallery/img/gallery/img/gallery/sp/sp/sp/gard/sp/admin_gard/student/sp/admin_gard/student/sp/admin_gard/student/sp/sp/admin_gard/student/sp/sp/admin_gard/student/sp/admin_gard/student/sp/sp/admin_gard/student/sp/sp/admin_gard/student/sp/sp/admin_gard/student/sp/sp/admin_gard/student/sp/sp/admin_gard/student/sp/sp/sp/sp/sp/admin_gard/student/sp/sp/admin_gard/student/sp/sp/sp/sp/sp/sp/sp/admin_gard/student/sp/admin_gard/student/sp/sp/sp/relations.php HTTP/2" 200 9323 "-" "Mozilla/5.0 (compatible; MJ12bot/v1.4.8; http://mj12bot.com/)"
81.167.26.57 - - [13/May/2026:18:42:29 +0700] "GET /index.php/img/gallery/img/gallery/img/gallery/img/gallery/sp/sp/sp/gard/sp/admin_gard/student/sp/admin_gard/student/sp/admin_gard/student/sp/sp/admin_gard/student/sp/sp/admin_gard/student/sp/admin_gard/student/sp/sp/admin_gard/student/sp/sp/admin_gard/student/sp/sp/admin_gard/student/sp/sp/admin_gard/student/sp/sp/admin_gard/student/sp/sp/sp/sp/sp/admin_gard/student/sp/sp/admin_gard/student/sp/sp/sp/sp/sp/sp/sp/admin_gard/student/sp/admin_gard/student/sp/sp/sp/sp/index.php HTTP/2" 200 9180 "-" "Mozilla/5.0 (compatible; MJ12bot/v1.4.8; http://mj12bot.com/)"
176.65.139.238 - - [13/May/2026:18:42:29 +0700] "GET /.env HTTP/2" 404 26 "-" "Mozilla/5.0 (Windows NT 10.0; Win64; x64) AppleWebKit/537.36 (KHTML, like Gecko) Chrome/147.0.0.0 Safari/537.36"
81.167.26.57 - - [13/May/2026:18:42:31 +0700] "GET /index.php/img/gallery/img/gallery/img/gallery/img/gallery/sp/sp/sp/gard/sp/admin_gard/student/sp/admin_gard/student/sp/admin_gard/student/sp/sp/admin_gard/student/sp/sp/admin_gard/student/sp/admin_gard/student/sp/sp/admin_gard/student/sp/sp/admin_gard/student/sp/sp/admin_gard/student/sp/sp/admin_gard/student/sp/sp/admin_gard/student/sp/sp/sp/sp/sp/admin_gard/student/sp/sp/admin_gard/student/sp/sp/sp/sp/sp/sp/sp/admin_gard/student/sp/admin_gard/student/student_login.php HTTP/2" 200 9256 "-" "Mozilla/5.0 (compatible; MJ12bot/v1.4.8; http://mj12bot.com/)"
81.167.26.57 - - [13/May/2026:18:42:32 +0700] "GET /index.php/img/gallery/img/gallery/img/gallery/img/gallery/sp/sp/sp/gard/sp/admin_gard/student/sp/admin_gard/student/sp/admin_gard/student/sp/sp/admin_gard/student/sp/sp/admin_gard/student/sp/admin_gard/student/sp/sp/admin_gard/student/sp/sp/admin_gard/student/sp/sp/admin_gard/student/sp/sp/admin_gard/student/sp/sp/admin_gard/student/sp/sp/sp/sp/sp/admin_gard/student/sp/sp/admin_gard/student/sp/sp/sp/sp/sp/sp/sp/admin_gard/student/sp/contact.php HTTP/2" 200 9246 "-" "Mozilla/5.0 (compatible; MJ12bot/v1.4.8; http://mj12bot.com/)"
81.167.26.57 - - [13/May/2026:18:42:34 +0700] "GET /index.php/img/gallery/img/gallery/img/gallery/img/gallery/sp/sp/sp/gard/sp/admin_gard/student/sp/admin_gard/student/sp/admin_gard/student/sp/sp/admin_gard/student/sp/sp/admin_gard/student/sp/admin_gard/student/sp/sp/admin_gard/student/sp/sp/admin_gard/student/sp/sp/admin_gard/student/sp/sp/admin_gard/student/sp/sp/admin_gard/student/sp/sp/sp/sp/sp/admin_gard/student/sp/sp/admin_gard/student/sp/sp/sp/sp/sp/sp/sp/admin_gard/student/sp/index.php HTTP/2" 200 9256 "-" "Mozilla/5.0 (compatible; MJ12bot/v1.4.8; http://mj12bot.com/)"
81.167.26.57 - - [13/May/2026:18:42:36 +0700] "GET /index.php/img/gallery/img/gallery/img/gallery/img/gallery/sp/sp/sp/gard/sp/admin_gard/student/sp/admin_gard/student/sp/admin_gard/student/sp/sp/admin_gard/student/sp/sp/admin_gard/student/sp/admin_gard/student/sp/sp/admin_gard/student/sp/sp/admin_gard/student/sp/sp/admin_gard/student/sp/sp/admin_gard/student/sp/sp/admin_gard/student/sp/sp/sp/sp/sp/admin_gard/student/sp/sp/admin_gard/student/sp/sp/sp/sp/sp/sp/sp/admin_gard/student/sp/news.php HTTP/2" 200 9292 "-" "Mozilla/5.0 (compatible; MJ12bot/v1.4.8; http://mj12bot.com/)"
81.167.26.57 - - [13/May/2026:18:42:37 +0700] "GET /index.php/img/gallery/img/gallery/img/gallery/img/gallery/sp/sp/sp/gard/sp/admin_gard/student/sp/admin_gard/student/sp/admin_gard/student/sp/sp/admin_gard/student/sp/sp/admin_gard/student/sp/admin_gard/student/sp/sp/admin_gard/student/sp/sp/admin_gard/student/sp/sp/admin_gard/student/sp/sp/admin_gard/student/sp/sp/admin_gard/student/sp/sp/sp/sp/sp/admin_gard/student/sp/sp/admin_gard/student/sp/sp/sp/sp/sp/sp/sp/admin_gard/student/sp/news_details.php?news_id=00000000397 HTTP/2" 200 9338 "-" "Mozilla/5.0 (compatible; MJ12bot/v1.4.8; http://mj12bot.com/)"
81.167.26.57 - - [13/May/2026:18:42:39 +0700] "GET /index.php/img/gallery/img/gallery/img/gallery/img/gallery/sp/sp/sp/gard/sp/admin_gard/student/sp/admin_gard/student/sp/admin_gard/student/sp/sp/admin_gard/student/sp/sp/admin_gard/student/sp/admin_gard/student/sp/sp/admin_gard/student/sp/sp/admin_gard/student/sp/sp/admin_gard/student/sp/sp/admin_gard/student/sp/sp/admin_gard/student/sp/sp/sp/sp/sp/admin_gard/student/sp/sp/admin_gard/student/sp/sp/sp/sp/sp/sp/sp/admin_gard/student/sp/news_details.php?news_id=00000000414 HTTP/2" 200 9256 "-" "Mozilla/5.0 (compatible; MJ12bot/v1.4.8; http://mj12bot.com/)"
81.167.26.57 - - [13/May/2026:18:42:41 +0700] "GET /index.php/img/gallery/img/gallery/img/gallery/img/gallery/sp/sp/sp/gard/sp/admin_gard/student/sp/admin_gard/student/sp/admin_gard/student/sp/sp/admin_gard/student/sp/sp/admin_gard/student/sp/admin_gard/student/sp/sp/admin_gard/student/sp/sp/admin_gard/student/sp/sp/admin_gard/student/sp/sp/admin_gard/student/sp/sp/admin_gard/student/sp/sp/sp/sp/sp/admin_gard/student/sp/sp/admin_gard/student/sp/sp/sp/sp/sp/sp/sp/admin_gard/student/sp/news_details.php?news_id=00000000430 HTTP/2" 200 9256 "-" "Mozilla/5.0 (compatible; MJ12bot/v1.4.8; http://mj12bot.com/)"
81.167.26.57 - - [13/May/2026:18:42:42 +0700] "GET /index.php/img/gallery/img/gallery/img/gallery/img/gallery/sp/sp/sp/gard/sp/admin_gard/student/sp/admin_gard/student/sp/admin_gard/student/sp/sp/admin_gard/student/sp/sp/admin_gard/student/sp/admin_gard/student/sp/sp/admin_gard/student/sp/sp/admin_gard/student/sp/sp/admin_gard/student/sp/sp/admin_gard/student/sp/sp/admin_gard/student/sp/sp/sp/sp/sp/admin_gard/student/sp/sp/admin_gard/student/sp/sp/sp/sp/sp/sp/sp/admin_gard/student/sp/news_details.php?news_id=00000000488 HTTP/2" 200 9292 "-" "Mozilla/5.0 (compatible; MJ12bot/v1.4.8; http://mj12bot.com/)"
81.167.26.57 - - [13/May/2026:18:42:44 +0700] "GET /index.php/img/gallery/img/gallery/img/gallery/img/gallery/sp/sp/sp/gard/sp/admin_gard/student/sp/admin_gard/student/sp/admin_gard/student/sp/sp/admin_gard/student/sp/sp/admin_gard/student/sp/admin_gard/student/sp/sp/admin_gard/student/sp/sp/admin_gard/student/sp/sp/admin_gard/student/sp/sp/admin_gard/student/sp/sp/admin_gard/student/sp/sp/sp/sp/sp/admin_gard/student/sp/sp/admin_gard/student/sp/sp/sp/sp/sp/sp/sp/admin_gard/student/sp/news_details.php?news_id=00000000505 HTTP/2" 200 9256 "-" "Mozilla/5.0 (compatible; MJ12bot/v1.4.8; http://mj12bot.com/)"
81.167.26.57 - - [13/May/2026:18:42:46 +0700] "GET /index.php/img/gallery/img/gallery/img/gallery/img/gallery/sp/sp/sp/gard/sp/admin_gard/student/sp/admin_gard/student/sp/admin_gard/student/sp/sp/admin_gard/student/sp/sp/admin_gard/student/sp/admin_gard/student/sp/sp/admin_gard/student/sp/sp/admin_gard/student/sp/sp/admin_gard/student/sp/sp/admin_gard/student/sp/sp/admin_gard/student/sp/sp/sp/sp/sp/admin_gard/student/sp/sp/admin_gard/student/sp/sp/sp/sp/sp/sp/sp/admin_gard/student/sp/news_details.php?news_id=00000000507 HTTP/2" 200 9201 "-" "Mozilla/5.0 (compatible; MJ12bot/v1.4.8; http://mj12bot.com/)"
81.167.26.57 - - [13/May/2026:18:42:47 +0700] "GET /index.php/img/gallery/img/gallery/img/gallery/img/gallery/sp/sp/sp/gard/sp/admin_gard/student/sp/admin_gard/student/sp/admin_gard/student/sp/sp/admin_gard/student/sp/sp/admin_gard/student/sp/admin_gard/student/sp/sp/admin_gard/student/sp/sp/admin_gard/student/sp/sp/admin_gard/student/sp/sp/admin_gard/student/sp/sp/admin_gard/student/sp/sp/sp/sp/sp/admin_gard/student/sp/sp/admin_gard/student/sp/sp/sp/sp/sp/sp/sp/admin_gard/student/sp/news_details.php?news_id=00000000508 HTTP/2" 200 9256 "-" "Mozilla/5.0 (compatible; MJ12bot/v1.4.8; http://mj12bot.com/)"
81.167.26.57 - - [13/May/2026:18:42:49 +0700] "GET /index.php/img/gallery/img/gallery/img/gallery/img/gallery/sp/sp/sp/gard/sp/admin_gard/student/sp/admin_gard/student/sp/admin_gard/student/sp/sp/admin_gard/student/sp/sp/admin_gard/student/sp/admin_gard/student/sp/sp/admin_gard/student/sp/sp/admin_gard/student/sp/sp/admin_gard/student/sp/sp/admin_gard/student/sp/sp/admin_gard/student/sp/sp/sp/sp/sp/admin_gard/student/sp/sp/admin_gard/student/sp/sp/sp/sp/sp/sp/sp/admin_gard/student/sp/news_details.php?news_id=00000000541 HTTP/2" 200 9292 "-" "Mozilla/5.0 (compatible; MJ12bot/v1.4.8; http://mj12bot.com/)"
81.167.26.57 - - [13/May/2026:18:42:51 +0700] "GET /index.php/img/gallery/img/gallery/img/gallery/img/gallery/sp/sp/sp/gard/sp/admin_gard/student/sp/admin_gard/student/sp/admin_gard/student/sp/sp/admin_gard/student/sp/sp/admin_gard/student/sp/admin_gard/student/sp/sp/admin_gard/student/sp/sp/admin_gard/student/sp/sp/admin_gard/student/sp/sp/admin_gard/student/sp/sp/admin_gard/student/sp/sp/sp/sp/sp/admin_gard/student/sp/sp/admin_gard/student/sp/sp/sp/sp/sp/sp/sp/admin_gard/student/sp/news_details.php?news_id=00000000542 HTTP/2" 200 9256 "-" "Mozilla/5.0 (compatible; MJ12bot/v1.4.8; http://mj12bot.com/)"
81.167.26.57 - - [13/May/2026:18:42:53 +0700] "GET /index.php/img/gallery/img/gallery/img/gallery/img/gallery/sp/sp/sp/gard/sp/admin_gard/student/sp/admin_gard/student/sp/admin_gard/student/sp/sp/admin_gard/student/sp/sp/admin_gard/student/sp/admin_gard/student/sp/sp/admin_gard/student/sp/sp/admin_gard/student/sp/sp/admin_gard/student/sp/sp/admin_gard/student/sp/sp/admin_gard/student/sp/sp/sp/sp/sp/admin_gard/student/sp/sp/admin_gard/student/sp/sp/sp/sp/sp/sp/sp/admin_gard/student/sp/news_details.php?news_id=00000000543 HTTP/2" 200 9292 "-" "Mozilla/5.0 (compatible; MJ12bot/v1.4.8; http://mj12bot.com/)"
81.167.26.57 - - [13/May/2026:18:42:54 +0700] "GET /index.php/img/gallery/img/gallery/img/gallery/img/gallery/sp/sp/sp/gard/sp/admin_gard/student/sp/admin_gard/student/sp/admin_gard/student/sp/sp/admin_gard/student/sp/sp/admin_gard/student/sp/admin_gard/student/sp/sp/admin_gard/student/sp/sp/admin_gard/student/sp/sp/admin_gard/student/sp/sp/admin_gard/student/sp/sp/admin_gard/student/sp/sp/sp/sp/sp/admin_gard/student/sp/sp/admin_gard/student/sp/sp/sp/sp/sp/sp/sp/admin_gard/student/sp/news_image.php HTTP/2" 200 9292 "-" "Mozilla/5.0 (compatible; MJ12bot/v1.4.8; http://mj12bot.com/)"
81.167.26.57 - - [13/May/2026:18:42:56 +0700] "GET /index.php/img/gallery/img/gallery/img/gallery/img/gallery/sp/sp/sp/gard/sp/admin_gard/student/sp/admin_gard/student/sp/admin_gard/student/sp/sp/admin_gard/student/sp/sp/admin_gard/student/sp/admin_gard/student/sp/sp/admin_gard/student/sp/sp/admin_gard/student/sp/sp/admin_gard/student/sp/sp/admin_gard/student/sp/sp/admin_gard/student/sp/sp/sp/sp/sp/admin_gard/student/sp/sp/admin_gard/student/sp/sp/sp/sp/sp/sp/sp/admin_gard/student/sp/personnel.php HTTP/2" 200 9256 "-" "Mozilla/5.0 (compatible; MJ12bot/v1.4.8; http://mj12bot.com/)"
81.167.26.57 - - [13/May/2026:18:42:58 +0700] "GET /index.php/img/gallery/img/gallery/img/gallery/img/gallery/sp/sp/sp/gard/sp/admin_gard/student/sp/admin_gard/student/sp/admin_gard/student/sp/sp/admin_gard/student/sp/sp/admin_gard/student/sp/admin_gard/student/sp/sp/admin_gard/student/sp/sp/admin_gard/student/sp/sp/admin_gard/student/sp/sp/admin_gard/student/sp/sp/admin_gard/student/sp/sp/sp/sp/sp/admin_gard/student/sp/sp/admin_gard/student/sp/sp/sp/sp/sp/sp/sp/admin_gard/student/sp/relations.php HTTP/2" 200 9256 "-" "Mozilla/5.0 (compatible; MJ12bot/v1.4.8; http://mj12bot.com/)"
81.167.26.57 - - [13/May/2026:18:42:59 +0700] "GET /index.php/img/gallery/img/gallery/img/gallery/img/gallery/sp/sp/sp/gard/sp/admin_gard/student/sp/admin_gard/student/sp/admin_gard/student/sp/sp/admin_gard/student/sp/sp/admin_gard/student/sp/admin_gard/student/sp/sp/admin_gard/student/sp/sp/admin_gard/student/sp/sp/admin_gard/student/sp/sp/admin_gard/student/sp/sp/admin_gard/student/sp/sp/sp/sp/sp/admin_gard/student/sp/sp/admin_gard/student/sp/sp/sp/sp/sp/sp/sp/admin_gard/student/sp/sp/admin_gard/student/news_image.php HTTP/2" 200 9180 "-" "Mozilla/5.0 (compatible; MJ12bot/v1.4.8; http://mj12bot.com/)"
81.167.26.57 - - [13/May/2026:18:43:01 +0700] "GET /index.php/img/gallery/img/gallery/img/gallery/img/gallery/sp/sp/sp/gard/sp/admin_gard/student/sp/admin_gard/student/sp/admin_gard/student/sp/sp/admin_gard/student/sp/sp/admin_gard/student/sp/admin_gard/student/sp/sp/admin_gard/student/sp/sp/admin_gard/student/sp/sp/admin_gard/student/sp/sp/admin_gard/student/sp/sp/admin_gard/student/sp/sp/sp/sp/sp/admin_gard/student/sp/sp/admin_gard/student/sp/sp/sp/sp/sp/sp/sp/admin_gard/student/sp/sp/admin_gard/student/sp/news_image.php HTTP/2" 200 9292 "-" "Mozilla/5.0 (compatible; MJ12bot/v1.4.8; http://mj12bot.com/)"
81.167.26.57 - - [13/May/2026:18:43:03 +0700] "GET /index.php/img/gallery/img/gallery/img/gallery/img/gallery/sp/sp/sp/gard/sp/admin_gard/student/sp/admin_gard/student/sp/admin_gard/student/sp/sp/admin_gard/student/sp/sp/admin_gard/student/sp/admin_gard/student/sp/sp/admin_gard/student/sp/sp/admin_gard/student/sp/sp/admin_gard/student/sp/sp/admin_gard/student/sp/sp/admin_gard/student/sp/sp/sp/sp/sp/admin_gard/student/sp/sp/admin_gard/student/sp/sp/sp/sp/sp/sp/sp/admin_gard/student/sp/sp/contact.php HTTP/2" 200 9292 "-" "Mozilla/5.0 (compatible; MJ12bot/v1.4.8; http://mj12bot.com/)"
81.167.26.57 - - [13/May/2026:18:43:04 +0700] "GET /index.php/img/gallery/img/gallery/img/gallery/img/gallery/sp/sp/sp/gard/sp/admin_gard/student/sp/admin_gard/student/sp/admin_gard/student/sp/sp/admin_gard/student/sp/sp/admin_gard/student/sp/admin_gard/student/sp/sp/admin_gard/student/sp/sp/admin_gard/student/sp/sp/admin_gard/student/sp/sp/admin_gard/student/sp/sp/admin_gard/student/sp/sp/sp/sp/sp/admin_gard/student/sp/sp/admin_gard/student/sp/sp/sp/sp/sp/sp/sp/admin_gard/student/sp/sp/index.php HTTP/2" 200 9292 "-" "Mozilla/5.0 (compatible; MJ12bot/v1.4.8; http://mj12bot.com/)"
81.167.26.57 - - [13/May/2026:18:43:06 +0700] "GET /index.php/img/gallery/img/gallery/img/gallery/img/gallery/sp/sp/sp/gard/sp/admin_gard/student/sp/admin_gard/student/sp/admin_gard/student/sp/sp/admin_gard/student/sp/sp/admin_gard/student/sp/admin_gard/student/sp/sp/admin_gard/student/sp/sp/admin_gard/student/sp/sp/admin_gard/student/sp/sp/admin_gard/student/sp/sp/admin_gard/student/sp/sp/sp/sp/sp/admin_gard/student/sp/sp/admin_gard/student/sp/sp/sp/sp/sp/sp/sp/admin_gard/student/sp/sp/news.php HTTP/2" 200 9292 "-" "Mozilla/5.0 (compatible; MJ12bot/v1.4.8; http://mj12bot.com/)"
81.167.26.57 - - [13/May/2026:18:43:08 +0700] "GET /index.php/img/gallery/img/gallery/img/gallery/img/gallery/sp/sp/sp/gard/sp/admin_gard/student/sp/admin_gard/student/sp/admin_gard/student/sp/sp/admin_gard/student/sp/sp/admin_gard/student/sp/admin_gard/student/sp/sp/admin_gard/student/sp/sp/admin_gard/student/sp/sp/admin_gard/student/sp/sp/admin_gard/student/sp/sp/admin_gard/student/sp/sp/sp/sp/sp/admin_gard/student/sp/sp/admin_gard/student/sp/sp/sp/sp/sp/sp/sp/admin_gard/student/sp/sp/news_details.php?news_id=00000000397 HTTP/2" 200 9292 "-" "Mozilla/5.0 (compatible; MJ12bot/v1.4.8; http://mj12bot.com/)"
81.167.26.57 - - [13/May/2026:18:43:09 +0700] "GET /index.php/img/gallery/img/gallery/img/gallery/img/gallery/sp/sp/sp/gard/sp/admin_gard/student/sp/admin_gard/student/sp/admin_gard/student/sp/sp/admin_gard/student/sp/sp/admin_gard/student/sp/admin_gard/student/sp/sp/admin_gard/student/sp/sp/admin_gard/student/sp/sp/admin_gard/student/sp/sp/admin_gard/student/sp/sp/admin_gard/student/sp/sp/sp/sp/sp/admin_gard/student/sp/sp/admin_gard/student/sp/sp/sp/sp/sp/sp/sp/admin_gard/student/sp/sp/news_details.php?news_id=00000000414 HTTP/2" 200 9382 "-" "Mozilla/5.0 (compatible; MJ12bot/v1.4.8; http://mj12bot.com/)"
81.167.26.57 - - [13/May/2026:18:43:11 +0700] "GET /index.php/img/gallery/img/gallery/img/gallery/img/gallery/sp/sp/sp/gard/sp/admin_gard/student/sp/admin_gard/student/sp/admin_gard/student/sp/sp/admin_gard/student/sp/sp/admin_gard/student/sp/admin_gard/student/sp/sp/admin_gard/student/sp/sp/admin_gard/student/sp/sp/admin_gard/student/sp/sp/admin_gard/student/sp/sp/admin_gard/student/sp/sp/sp/sp/sp/admin_gard/student/sp/sp/admin_gard/student/sp/sp/sp/sp/sp/sp/sp/admin_gard/student/sp/sp/news_details.php?news_id=00000000430 HTTP/2" 200 9292 "-" "Mozilla/5.0 (compatible; MJ12bot/v1.4.8; http://mj12bot.com/)"
81.167.26.57 - - [13/May/2026:18:43:13 +0700] "GET /index.php/img/gallery/img/gallery/img/gallery/img/gallery/sp/sp/sp/gard/sp/admin_gard/student/sp/admin_gard/student/sp/admin_gard/student/sp/sp/admin_gard/student/sp/sp/admin_gard/student/sp/admin_gard/student/sp/sp/admin_gard/student/sp/sp/admin_gard/student/sp/sp/admin_gard/student/sp/sp/admin_gard/student/sp/sp/admin_gard/student/sp/sp/sp/sp/sp/admin_gard/student/sp/sp/admin_gard/student/sp/sp/sp/sp/sp/sp/sp/admin_gard/student/sp/sp/news_details.php?news_id=00000000505 HTTP/2" 200 9256 "-" "Mozilla/5.0 (compatible; MJ12bot/v1.4.8; http://mj12bot.com/)"
81.167.26.57 - - [13/May/2026:18:43:14 +0700] "GET /index.php/img/gallery/img/gallery/img/gallery/img/gallery/sp/sp/sp/gard/sp/admin_gard/student/sp/admin_gard/student/sp/admin_gard/student/sp/sp/admin_gard/student/sp/sp/admin_gard/student/sp/admin_gard/student/sp/sp/admin_gard/student/sp/sp/admin_gard/student/sp/sp/admin_gard/student/sp/sp/admin_gard/student/sp/sp/admin_gard/student/sp/sp/sp/sp/sp/admin_gard/student/sp/sp/admin_gard/student/sp/sp/sp/sp/sp/sp/sp/admin_gard/student/sp/sp/news_details.php?news_id=00000000507 HTTP/2" 200 9256 "-" "Mozilla/5.0 (compatible; MJ12bot/v1.4.8; http://mj12bot.com/)"
81.167.26.57 - - [13/May/2026:18:43:16 +0700] "GET /index.php/img/gallery/img/gallery/img/gallery/img/gallery/sp/sp/sp/gard/sp/admin_gard/student/sp/admin_gard/student/sp/admin_gard/student/sp/sp/admin_gard/student/sp/sp/admin_gard/student/sp/admin_gard/student/sp/sp/admin_gard/student/sp/sp/admin_gard/student/sp/sp/admin_gard/student/sp/sp/admin_gard/student/sp/sp/admin_gard/student/sp/sp/sp/sp/sp/admin_gard/student/sp/sp/admin_gard/student/sp/sp/sp/sp/sp/sp/sp/admin_gard/student/sp/sp/news_details.php?news_id=00000000508 HTTP/2" 200 9256 "-" "Mozilla/5.0 (compatible; MJ12bot/v1.4.8; http://mj12bot.com/)"
81.167.26.57 - - [13/May/2026:18:43:18 +0700] "GET /index.php/img/gallery/img/gallery/img/gallery/img/gallery/sp/sp/sp/gard/sp/admin_gard/student/sp/admin_gard/student/sp/admin_gard/student/sp/sp/admin_gard/student/sp/sp/admin_gard/student/sp/admin_gard/student/sp/sp/admin_gard/student/sp/sp/admin_gard/student/sp/sp/admin_gard/student/sp/sp/admin_gard/student/sp/sp/admin_gard/student/sp/sp/sp/sp/sp/admin_gard/student/sp/sp/admin_gard/student/sp/sp/sp/sp/sp/sp/sp/admin_gard/student/sp/sp/news_details.php?news_id=00000000541 HTTP/2" 200 9256 "-" "Mozilla/5.0 (compatible; MJ12bot/v1.4.8; http://mj12bot.com/)"
81.167.26.57 - - [13/May/2026:18:43:20 +0700] "GET /index.php/img/gallery/img/gallery/img/gallery/img/gallery/sp/sp/sp/gard/sp/admin_gard/student/sp/admin_gard/student/sp/admin_gard/student/sp/sp/admin_gard/student/sp/sp/admin_gard/student/sp/admin_gard/student/sp/sp/admin_gard/student/sp/sp/admin_gard/student/sp/sp/admin_gard/student/sp/sp/admin_gard/student/sp/sp/admin_gard/student/sp/sp/sp/sp/sp/admin_gard/student/sp/sp/admin_gard/student/sp/sp/sp/sp/sp/sp/sp/admin_gard/student/sp/sp/news_details.php?news_id=00000000542 HTTP/2" 200 9256 "-" "Mozilla/5.0 (compatible; MJ12bot/v1.4.8; http://mj12bot.com/)"
31.220.95.64 - - [13/May/2026:18:43:20 +0700] "GET / HTTP/2" 200 9256 "-" "Mozilla/5.0 (Windows NT 10.0; Win64; x64) AppleWebKit/537.36 (KHTML, like Gecko) Chrome/80.0.3987.149 Safari/537.36"
81.167.26.57 - - [13/May/2026:18:43:21 +0700] "GET /index.php/img/gallery/img/gallery/img/gallery/img/gallery/sp/sp/sp/gard/sp/admin_gard/student/sp/admin_gard/student/sp/admin_gard/student/sp/sp/admin_gard/student/sp/sp/admin_gard/student/sp/admin_gard/student/sp/sp/admin_gard/student/sp/sp/admin_gard/student/sp/sp/admin_gard/student/sp/sp/admin_gard/student/sp/sp/admin_gard/student/sp/sp/sp/sp/sp/admin_gard/student/sp/sp/admin_gard/student/sp/sp/sp/sp/sp/sp/sp/admin_gard/student/sp/sp/news_details.php?news_id=00000000543 HTTP/2" 200 9256 "-" "Mozilla/5.0 (compatible; MJ12bot/v1.4.8; http://mj12bot.com/)"
31.220.95.64 - - [13/May/2026:18:43:21 +0700] "GET //wp-includes/wlwmanifest.xml HTTP/2" 404 26 "-" "Mozilla/5.0 (Windows NT 10.0; Win64; x64) AppleWebKit/537.36 (KHTML, like Gecko) Chrome/80.0.3987.149 Safari/537.36"
31.220.95.64 - - [13/May/2026:18:43:21 +0700] "GET //xmlrpc.php?rsd HTTP/2" 404 26 "-" "Mozilla/5.0 (Windows NT 10.0; Win64; x64) AppleWebKit/537.36 (KHTML, like Gecko) Chrome/80.0.3987.149 Safari/537.36"
31.220.95.64 - - [13/May/2026:18:43:22 +0700] "GET / HTTP/2" 200 9259 "-" "Mozilla/5.0 (Windows NT 10.0; Win64; x64) AppleWebKit/537.36 (KHTML, like Gecko) Chrome/80.0.3987.149 Safari/537.36"
81.167.26.57 - - [13/May/2026:18:43:23 +0700] "GET /index.php/img/gallery/img/gallery/img/gallery/img/gallery/sp/sp/sp/gard/sp/admin_gard/student/sp/admin_gard/student/sp/admin_gard/student/sp/sp/admin_gard/student/sp/sp/admin_gard/student/sp/admin_gard/student/sp/sp/admin_gard/student/sp/sp/admin_gard/student/sp/sp/admin_gard/student/sp/sp/admin_gard/student/sp/sp/admin_gard/student/sp/sp/sp/sp/sp/admin_gard/student/sp/sp/admin_gard/student/sp/sp/sp/sp/sp/sp/sp/admin_gard/student/sp/sp/news_details.php?news_id=00000000544 HTTP/2" 200 9246 "-" "Mozilla/5.0 (compatible; MJ12bot/v1.4.8; http://mj12bot.com/)"
31.220.95.64 - - [13/May/2026:18:43:23 +0700] "GET //blog/wp-includes/wlwmanifest.xml HTTP/2" 404 26 "-" "Mozilla/5.0 (Windows NT 10.0; Win64; x64) AppleWebKit/537.36 (KHTML, like Gecko) Chrome/80.0.3987.149 Safari/537.36"
31.220.95.64 - - [13/May/2026:18:43:24 +0700] "GET //web/wp-includes/wlwmanifest.xml HTTP/2" 404 26 "-" "Mozilla/5.0 (Windows NT 10.0; Win64; x64) AppleWebKit/537.36 (KHTML, like Gecko) Chrome/80.0.3987.149 Safari/537.36"
31.220.95.64 - - [13/May/2026:18:43:24 +0700] "GET //wordpress/wp-includes/wlwmanifest.xml HTTP/2" 404 26 "-" "Mozilla/5.0 (Windows NT 10.0; Win64; x64) AppleWebKit/537.36 (KHTML, like Gecko) Chrome/80.0.3987.149 Safari/537.36"
31.220.95.64 - - [13/May/2026:18:43:25 +0700] "GET //website/wp-includes/wlwmanifest.xml HTTP/2" 404 26 "-" "Mozilla/5.0 (Windows NT 10.0; Win64; x64) AppleWebKit/537.36 (KHTML, like Gecko) Chrome/80.0.3987.149 Safari/537.36"
81.167.26.57 - - [13/May/2026:18:43:25 +0700] "GET /index.php/img/gallery/img/gallery/img/gallery/img/gallery/sp/sp/sp/gard/sp/admin_gard/student/sp/admin_gard/student/sp/admin_gard/student/sp/sp/admin_gard/student/sp/sp/admin_gard/student/sp/admin_gard/student/sp/sp/admin_gard/student/sp/sp/admin_gard/student/sp/sp/admin_gard/student/sp/sp/admin_gard/student/sp/sp/admin_gard/student/sp/sp/sp/sp/sp/admin_gard/student/sp/sp/admin_gard/student/sp/sp/sp/sp/sp/sp/sp/admin_gard/student/sp/sp/news_image.php HTTP/2" 200 9256 "-" "Mozilla/5.0 (compatible; MJ12bot/v1.4.8; http://mj12bot.com/)"
81.167.26.57 - - [13/May/2026:18:43:26 +0700] "GET /index.php/img/gallery/img/gallery/img/gallery/img/gallery/sp/sp/sp/gard/sp/admin_gard/student/sp/admin_gard/student/sp/admin_gard/student/sp/sp/admin_gard/student/sp/sp/admin_gard/student/sp/admin_gard/student/sp/sp/admin_gard/student/sp/sp/admin_gard/student/sp/sp/admin_gard/student/sp/sp/admin_gard/student/sp/sp/admin_gard/student/sp/sp/sp/sp/sp/admin_gard/student/sp/sp/admin_gard/student/sp/sp/sp/sp/sp/sp/sp/admin_gard/student/sp/sp/personnel.php HTTP/2" 200 9292 "-" "Mozilla/5.0 (compatible; MJ12bot/v1.4.8; http://mj12bot.com/)"
81.167.26.57 - - [13/May/2026:18:43:28 +0700] "GET /index.php/img/gallery/img/gallery/img/gallery/img/gallery/sp/sp/sp/gard/sp/admin_gard/student/sp/admin_gard/student/sp/admin_gard/student/sp/sp/admin_gard/student/sp/sp/admin_gard/student/sp/admin_gard/student/sp/sp/admin_gard/student/sp/sp/admin_gard/student/sp/sp/admin_gard/student/sp/sp/admin_gard/student/sp/sp/admin_gard/student/sp/sp/sp/sp/sp/admin_gard/student/sp/sp/admin_gard/student/sp/sp/sp/sp/sp/sp/sp/admin_gard/student/sp/sp/relations.php HTTP/2" 200 9256 "-" "Mozilla/5.0 (compatible; MJ12bot/v1.4.8; http://mj12bot.com/)"
31.220.95.64 - - [13/May/2026:18:43:29 +0700] "GET //wp/wp-includes/wlwmanifest.xml HTTP/2" 404 26 "-" "Mozilla/5.0 (Windows NT 10.0; Win64; x64) AppleWebKit/537.36 (KHTML, like Gecko) Chrome/80.0.3987.149 Safari/537.36"
31.220.95.64 - - [13/May/2026:18:43:30 +0700] "GET //news/wp-includes/wlwmanifest.xml HTTP/2" 404 26 "-" "Mozilla/5.0 (Windows NT 10.0; Win64; x64) AppleWebKit/537.36 (KHTML, like Gecko) Chrome/80.0.3987.149 Safari/537.36"
81.167.26.57 - - [13/May/2026:18:43:30 +0700] "GET /index.php/img/gallery/img/gallery/img/gallery/img/gallery/sp/sp/sp/gard/sp/admin_gard/student/sp/admin_gard/student/sp/admin_gard/student/sp/sp/admin_gard/student/sp/sp/admin_gard/student/sp/admin_gard/student/sp/sp/admin_gard/student/sp/sp/admin_gard/student/sp/sp/admin_gard/student/sp/sp/admin_gard/student/sp/sp/admin_gard/student/sp/sp/sp/sp/sp/admin_gard/student/sp/sp/admin_gard/student/sp/sp/sp/sp/sp/sp/sp/admin_gard/student/sp/sp/sp/about.php HTTP/2" 200 9256 "-" "Mozilla/5.0 (compatible; MJ12bot/v1.4.8; http://mj12bot.com/)"
31.220.95.64 - - [13/May/2026:18:43:31 +0700] "GET //2018/wp-includes/wlwmanifest.xml HTTP/2" 404 26 "-" "Mozilla/5.0 (Windows NT 10.0; Win64; x64) AppleWebKit/537.36 (KHTML, like Gecko) Chrome/80.0.3987.149 Safari/537.36"
81.167.26.57 - - [13/May/2026:18:43:31 +0700] "GET /index.php/img/gallery/img/gallery/img/gallery/img/gallery/sp/sp/sp/gard/sp/admin_gard/student/sp/admin_gard/student/sp/admin_gard/student/sp/sp/admin_gard/student/sp/sp/admin_gard/student/sp/admin_gard/student/sp/sp/admin_gard/student/sp/sp/admin_gard/student/sp/sp/admin_gard/student/sp/sp/admin_gard/student/sp/sp/admin_gard/student/sp/sp/sp/sp/sp/admin_gard/student/sp/sp/admin_gard/student/sp/sp/sp/sp/sp/sp/sp/admin_gard/student/sp/sp/sp/admin_gard/student/about.php HTTP/2" 200 9246 "-" "Mozilla/5.0 (compatible; MJ12bot/v1.4.8; http://mj12bot.com/)"
31.220.95.64 - - [13/May/2026:18:43:32 +0700] "GET //2019/wp-includes/wlwmanifest.xml HTTP/2" 404 26 "-" "Mozilla/5.0 (Windows NT 10.0; Win64; x64) AppleWebKit/537.36 (KHTML, like Gecko) Chrome/80.0.3987.149 Safari/537.36"
81.167.26.57 - - [13/May/2026:18:43:33 +0700] "GET /index.php/img/gallery/img/gallery/img/gallery/img/gallery/sp/sp/sp/gard/sp/admin_gard/student/sp/admin_gard/student/sp/admin_gard/student/sp/sp/admin_gard/student/sp/sp/admin_gard/student/sp/admin_gard/student/sp/sp/admin_gard/student/sp/sp/admin_gard/student/sp/sp/admin_gard/student/sp/sp/admin_gard/student/sp/sp/admin_gard/student/sp/sp/sp/sp/sp/admin_gard/student/sp/sp/admin_gard/student/sp/sp/sp/sp/sp/sp/sp/admin_gard/student/sp/sp/sp/admin_gard/student/contact.php HTTP/2" 200 9256 "-" "Mozilla/5.0 (compatible; MJ12bot/v1.4.8; http://mj12bot.com/)"
31.220.95.64 - - [13/May/2026:18:43:33 +0700] "GET //shop/wp-includes/wlwmanifest.xml HTTP/2" 404 26 "-" "Mozilla/5.0 (Windows NT 10.0; Win64; x64) AppleWebKit/537.36 (KHTML, like Gecko) Chrome/80.0.3987.149 Safari/537.36"
